{"id":483,"date":"2018-05-16T00:39:04","date_gmt":"2018-05-16T03:39:04","guid":{"rendered":"http:\/\/www.terapiasdeavanzada.org\/web\/?post_type=al_product&#038;p=483"},"modified":"2019-10-09T15:45:05","modified_gmt":"2019-10-09T18:45:05","slug":"savarin-claudio-gabriel-lic","status":"publish","type":"al_product","link":"https:\/\/www.terapiasdeavanzada.org\/web\/products\/savarin-claudio-gabriel-lic\/","title":{"rendered":"Savarin, Claudio Gabriel \u2013 Lic."},"content":{"rendered":"<div class=\"wpbdp-field-display wpbdp-field wpbdp-field-value field-display field-value wpbdp-field-nombre wpbdp-field-title wpbdp-field-type-textfield wpbdp-field-association-title \"><span style=\"font-family: helvetica, arial, sans-serif;\"><label>Nombre:\u00a0<\/label><span class=\"value\"><a href=\"http:\/\/www.terapiasdeavanzada.org\/listado-terapeutas\/savarin-claudio-gabriel-lic\/\" target=\"_self\">Savarin, Claudio Gabriel \u2013 Lic.<\/a><\/span><\/span><\/div>\n<div class=\"wpbdp-field-display wpbdp-field wpbdp-field-value field-display field-value wpbdp-field-pais wpbdp-field-meta wpbdp-field-type-select wpbdp-field-association-meta \"><span style=\"font-family: helvetica, arial, sans-serif;\"><label>Pa\u00eds:\u00a0<\/label><span class=\"value\">Argentina<\/span><\/span><\/div>\n<div class=\"wpbdp-field-display wpbdp-field wpbdp-field-value field-display field-value wpbdp-field-provincia wpbdp-field-category wpbdp-field-type-select wpbdp-field-association-category \"><span style=\"font-family: helvetica, arial, sans-serif;\"><label>Provincia:\u00a0<\/label><span class=\"value\"><a href=\"http:\/\/www.terapiasdeavanzada.org\/listado-terapeutas\/terapeuta-tipo\/buenos-aires\/\" rel=\"tag\">Buenos Aires<\/a><\/span><\/span><\/div>\n<div class=\"wpbdp-field-display wpbdp-field wpbdp-field-value field-display field-value wpbdp-field-localidad_o_ciudad wpbdp-field-meta wpbdp-field-type-textfield wpbdp-field-association-meta \"><span style=\"font-family: helvetica, arial, sans-serif;\"><label>Localidad o Ciudad:\u00a0<\/label><span class=\"value\">Floresta<\/span><\/span><\/div>\n<div class=\"wpbdp-field-display wpbdp-field wpbdp-field-value field-display field-value wpbdp-field-localidad_o_ciudad_2 wpbdp-field-meta wpbdp-field-type-textfield wpbdp-field-association-meta \"><span style=\"font-family: helvetica, arial, sans-serif;\"><label>Localidad o Ciudad 2: Villa del Parque<\/label><\/span><\/div>\n<div class=\"wpbdp-field-display wpbdp-field wpbdp-field-value field-display field-value wpbdp-field-localidad_o_ciudad_2 wpbdp-field-meta wpbdp-field-type-textfield wpbdp-field-association-meta \"><span style=\"font-family: helvetica, arial, sans-serif;\"><label>Tipo de T\u00e9cnica:\u00a0<\/label><span class=\"value\">EMDR, EFT<\/span><\/span><\/div>\n<div class=\"wpbdp-field-display wpbdp-field wpbdp-field-value field-display field-value wpbdp-field-telefono wpbdp-field-meta wpbdp-field-type-textfield wpbdp-field-association-meta \"><span style=\"font-family: helvetica, arial, sans-serif;\"><label>Tel\u00e9fono:\u00a0<\/label><span class=\"value\">4566-1335<\/span><\/span><\/div>\n<div class=\"wpbdp-field-display wpbdp-field wpbdp-field-value field-display field-value wpbdp-field-celular wpbdp-field-meta wpbdp-field-type-textfield wpbdp-field-association-meta \"><span style=\"font-family: helvetica, arial, sans-serif;\"><label>Celular:\u00a0<\/label><span class=\"value\">(15) 5465-0800<\/span><\/span><\/div>\n<div class=\"wpbdp-field-display wpbdp-field wpbdp-field-value field-display field-value wpbdp-field-especialidad wpbdp-field-meta wpbdp-field-type-textfield wpbdp-field-association-meta \"><span style=\"font-family: helvetica, arial, sans-serif;\"><label>Especialidad:\u00a0<\/label><span class=\"value\">Trauma \u2013 Duelo \u2013 Trastornos de Ansiedad en adolescentes \u2013 Adultos \u2013 Terapia familiar y de pareja.<\/span><\/span><\/div>\n<div class=\"wpbdp-field-display wpbdp-field wpbdp-field-value field-display field-value wpbdp-field-cv wpbdp-field-content wpbdp-field-type-textarea wpbdp-field-association-content \"><span style=\"font-family: helvetica, arial, sans-serif;\"><label>CV:<\/label><\/span><\/div>\n<div class=\"wpbdp-field-display wpbdp-field wpbdp-field-value field-display field-value wpbdp-field-cv wpbdp-field-content wpbdp-field-type-textarea wpbdp-field-association-content \"><span style=\"font-family: helvetica, arial, sans-serif;\">Lic. en Psicolog\u00eda.<\/span><br \/>\n<span style=\"font-family: helvetica, arial, sans-serif;\">Terapeuta EMDR.<\/span><\/div>\n<div class=\"wpbdp-field-display wpbdp-field wpbdp-field-value field-display field-value wpbdp-field-cv wpbdp-field-content wpbdp-field-type-textarea wpbdp-field-association-content \"><span style=\"font-family: helvetica, arial, sans-serif;\">Facilitador EMDR<\/span><br \/>\n<span style=\"font-family: helvetica, arial, sans-serif;\">Terapeuta EFT.<\/span><br \/>\n<span style=\"font-family: helvetica, arial, sans-serif;\">Hipnoterapeuta ericksoniano, formado en Isdeba, a\u00f1o 2005.<\/span><br \/>\n<span style=\"font-family: helvetica, arial, sans-serif;\">Master en Programaci\u00f3n Neuroling\u00fc\u00edstica, en el NLP Buenos Aires, a\u00f1o 2008.<\/span><br \/>\n<span style=\"font-family: helvetica, arial, sans-serif;\">Terapeuta Sist\u00e9mico formado en la Fundaci\u00f3n Gregory Bateson (a\u00f1o 2005).<\/span><br \/>\n<span style=\"font-family: helvetica, arial, sans-serif;\">Integrante del Equipo Terap\u00e9utico de Isdeba (Instituto Sist\u00e9mico de Buenos Aires).<\/span><\/div>\n","protected":false},"excerpt":{"rendered":"<p>Nombre:\u00a0Savarin, Claudio Gabriel \u2013 Lic. Pa\u00eds:\u00a0Argentina Provincia:\u00a0Buenos Aires Localidad o Ciudad:\u00a0Floresta Localidad o Ciudad 2: Villa del Parque Tipo de T\u00e9cnica:\u00a0EMDR, EFT Tel\u00e9fono:\u00a04566-1335 Celular:\u00a0(15) 5465-0800 Especialidad:\u00a0Trauma \u2013 Duelo \u2013 Trastornos de Ansiedad en adolescentes \u2013 Adultos \u2013 Terapia familiar y de pareja. CV: Lic. en Psicolog\u00eda. Terapeuta EMDR. Facilitador EMDR Terapeuta EFT. Hipnoterapeuta ericksoniano, formado &hellip;<\/p>\n<p class=\"read-more\"> <a class=\"\" href=\"https:\/\/www.terapiasdeavanzada.org\/web\/products\/savarin-claudio-gabriel-lic\/\"> <span class=\"screen-reader-text\">Savarin, Claudio Gabriel \u2013 Lic.<\/span> Leer m\u00e1s &raquo;<\/a><\/p>\n","protected":false},"featured_media":1409,"template":"","meta":{"site-sidebar-layout":"default","site-content-layout":"default","ast-global-header-display":"","ast-banner-title-visibility":"","ast-main-header-display":"","ast-hfb-above-header-display":"","ast-hfb-below-header-display":"","ast-hfb-mobile-header-display":"","site-post-title":"","ast-breadcrumbs-content":"","ast-featured-img":"","footer-sml-layout":"","theme-transparent-header-meta":"","adv-header-id-meta":"","stick-header-meta":"","header-above-stick-meta":"","header-main-stick-meta":"","header-below-stick-meta":""},"al_product-cat":[90,179,186],"_links":{"self":[{"href":"https:\/\/www.terapiasdeavanzada.org\/web\/wp-json\/wp\/v2\/al_product\/483"}],"collection":[{"href":"https:\/\/www.terapiasdeavanzada.org\/web\/wp-json\/wp\/v2\/al_product"}],"about":[{"href":"https:\/\/www.terapiasdeavanzada.org\/web\/wp-json\/wp\/v2\/types\/al_product"}],"wp:featuredmedia":[{"embeddable":true,"href":"https:\/\/www.terapiasdeavanzada.org\/web\/wp-json\/wp\/v2\/media\/1409"}],"wp:attachment":[{"href":"https:\/\/www.terapiasdeavanzada.org\/web\/wp-json\/wp\/v2\/media?parent=483"}],"wp:term":[{"taxonomy":"al_product-cat","embeddable":true,"href":"https:\/\/www.terapiasdeavanzada.org\/web\/wp-json\/wp\/v2\/al_product-cat?post=483"}],"curies":[{"name":"wp","href":"https:\/\/api.w.org\/{rel}","templated":true}]}}

<div class="wpbdp-field-display wpbdp-field wpbdp-field-value field-display field-value wpbdp-field-nombre wpbdp-field-title wpbdp-field-type-textfield wpbdp-field-association-title "><span style="font-family: helvetica, arial, sans-serif;"><label>Nombre: </label><span class="value"><a href="http://www.terapiasdeavanzada.org/listado-terapeutas/savarin-claudio-gabriel-lic/" target="_self">Savarin, Claudio Gabriel – Lic.</a></span></span></div>
<div class="wpbdp-field-display wpbdp-field wpbdp-field-value field-display field-value wpbdp-field-pais wpbdp-field-meta wpbdp-field-type-select wpbdp-field-association-meta "><span style="font-family: helvetica, arial, sans-serif;"><label>País: </label><span class="value">Argentina</span></span></div>
<div class="wpbdp-field-display wpbdp-field wpbdp-field-value field-display field-value wpbdp-field-provincia wpbdp-field-category wpbdp-field-type-select wpbdp-field-association-category "><span style="font-family: helvetica, arial, sans-serif;"><label>Provincia: </label><span class="value"><a href="http://www.terapiasdeavanzada.org/listado-terapeutas/terapeuta-tipo/buenos-aires/" rel="tag">Buenos Aires</a></span></span></div>
<div class="wpbdp-field-display wpbdp-field wpbdp-field-value field-display field-value wpbdp-field-localidad_o_ciudad wpbdp-field-meta wpbdp-field-type-textfield wpbdp-field-association-meta "><span style="font-family: helvetica, arial, sans-serif;"><label>Localidad o Ciudad: </label><span class="value">Floresta</span></span></div>
<div class="wpbdp-field-display wpbdp-field wpbdp-field-value field-display field-value wpbdp-field-localidad_o_ciudad_2 wpbdp-field-meta wpbdp-field-type-textfield wpbdp-field-association-meta "><span style="font-family: helvetica, arial, sans-serif;"><label>Localidad o Ciudad 2: Villa del Parque</label></span></div>
<div class="wpbdp-field-display wpbdp-field wpbdp-field-value field-display field-value wpbdp-field-localidad_o_ciudad_2 wpbdp-field-meta wpbdp-field-type-textfield wpbdp-field-association-meta "><span style="font-family: helvetica, arial, sans-serif;"><label>Tipo de Técnica: </label><span class="value">EMDR, EFT</span></span></div>
<div class="wpbdp-field-display wpbdp-field wpbdp-field-value field-display field-value wpbdp-field-telefono wpbdp-field-meta wpbdp-field-type-textfield wpbdp-field-association-meta "><span style="font-family: helvetica, arial, sans-serif;"><label>Teléfono: </label><span class="value">4566-1335</span></span></div>
<div class="wpbdp-field-display wpbdp-field wpbdp-field-value field-display field-value wpbdp-field-celular wpbdp-field-meta wpbdp-field-type-textfield wpbdp-field-association-meta "><span style="font-family: helvetica, arial, sans-serif;"><label>Celular: </label><span class="value">(15) 5465-0800</span></span></div>
<div class="wpbdp-field-display wpbdp-field wpbdp-field-value field-display field-value wpbdp-field-especialidad wpbdp-field-meta wpbdp-field-type-textfield wpbdp-field-association-meta "><span style="font-family: helvetica, arial, sans-serif;"><label>Especialidad: </label><span class="value">Trauma – Duelo – Trastornos de Ansiedad en adolescentes – Adultos – Terapia familiar y de pareja.</span></span></div>
<div class="wpbdp-field-display wpbdp-field wpbdp-field-value field-display field-value wpbdp-field-cv wpbdp-field-content wpbdp-field-type-textarea wpbdp-field-association-content "><span style="font-family: helvetica, arial, sans-serif;"><label>CV:</label></span></div>
<div class="wpbdp-field-display wpbdp-field wpbdp-field-value field-display field-value wpbdp-field-cv wpbdp-field-content wpbdp-field-type-textarea wpbdp-field-association-content "><span style="font-family: helvetica, arial, sans-serif;">Lic. en Psicología.</span><br />
<span style="font-family: helvetica, arial, sans-serif;">Terapeuta EMDR.</span></div>
<div class="wpbdp-field-display wpbdp-field wpbdp-field-value field-display field-value wpbdp-field-cv wpbdp-field-content wpbdp-field-type-textarea wpbdp-field-association-content "><span style="font-family: helvetica, arial, sans-serif;">Facilitador EMDR</span><br />
<span style="font-family: helvetica, arial, sans-serif;">Terapeuta EFT.</span><br />
<span style="font-family: helvetica, arial, sans-serif;">Hipnoterapeuta ericksoniano, formado en Isdeba, año 2005.</span><br />
<span style="font-family: helvetica, arial, sans-serif;">Master en Programación Neurolingüística, en el NLP Buenos Aires, año 2008.</span><br />
<span style="font-family: helvetica, arial, sans-serif;">Terapeuta Sistémico formado en la Fundación Gregory Bateson (año 2005).</span><br />
<span style="font-family: helvetica, arial, sans-serif;">Integrante del Equipo Terapéutico de Isdeba (Instituto Sistémico de Buenos Aires).</span></div>

<p>Nombre: Savarin, Claudio Gabriel – Lic. País: Argentina Provincia: Buenos Aires Localidad o Ciudad: Floresta Localidad o Ciudad 2: Villa del Parque Tipo de Técnica: EMDR, EFT Teléfono: 4566-1335 Celular: (15) 5465-0800 Especialidad: Trauma – Duelo – Trastornos de Ansiedad en adolescentes – Adultos – Terapia familiar y de pareja. CV: Lic. en Psicología. Terapeuta EMDR. Facilitador EMDR Terapeuta EFT. Hipnoterapeuta ericksoniano, formado &hellip;</p>
<p class="read-more"> <a class="" href="https://www.terapiasdeavanzada.org/web/products/savarin-claudio-gabriel-lic/"> <span class="screen-reader-text">Savarin, Claudio Gabriel – Lic.</span> Leer más &raquo;</a></p>
