{"id":485,"date":"2018-05-16T00:41:00","date_gmt":"2018-05-16T03:41:00","guid":{"rendered":"http:\/\/www.terapiasdeavanzada.org\/web\/?post_type=al_product&#038;p=485"},"modified":"2020-07-21T18:02:09","modified_gmt":"2020-07-21T21:02:09","slug":"sureda-ximena-clor","status":"publish","type":"al_product","link":"https:\/\/www.terapiasdeavanzada.org\/web\/products\/sureda-ximena-clor\/","title":{"rendered":"Sureda, Ximena \u2013 Clor."},"content":{"rendered":"<div class=\"wpbdp-field-display wpbdp-field wpbdp-field-value field-display field-value wpbdp-field-nombre wpbdp-field-title wpbdp-field-type-textfield wpbdp-field-association-title \"><span style=\"font-family: helvetica, arial, sans-serif;\"><label>Nombre:<\/label><span class=\"value\"><a href=\"http:\/\/www.terapiasdeavanzada.org\/listado-terapeutas\/sureda-ximena-clor\/\" target=\"_self\">Sureda, Ximena \u2013 Clor.<\/a><\/span><\/span><\/div>\n<div class=\"wpbdp-field-display wpbdp-field wpbdp-field-value field-display field-value wpbdp-field-pais wpbdp-field-meta wpbdp-field-type-select wpbdp-field-association-meta \"><span style=\"font-family: helvetica, arial, sans-serif;\"><label>Pa\u00eds:<\/label><span class=\"value\">Argentina<\/span><\/span><\/div>\n<div class=\"wpbdp-field-display wpbdp-field wpbdp-field-value field-display field-value wpbdp-field-provincia wpbdp-field-category wpbdp-field-type-select wpbdp-field-association-category \"><span style=\"font-family: helvetica, arial, sans-serif;\"><label>Provincia:<\/label><span class=\"value\"><a href=\"http:\/\/www.terapiasdeavanzada.org\/listado-terapeutas\/terapeuta-tipo\/buenos-aires\/\" rel=\"tag\">Buenos Aires<\/a><\/span><\/span><\/div>\n<div class=\"wpbdp-field-display wpbdp-field wpbdp-field-value field-display field-value wpbdp-field-localidad_o_ciudad wpbdp-field-meta wpbdp-field-type-textfield wpbdp-field-association-meta \"><span style=\"font-family: helvetica, arial, sans-serif;\"><label>Localidad o Ciudad:<\/label><span class=\"value\">Nordelta \u2013 Tigre<\/span><\/span><\/div>\n<div class=\"wpbdp-field-display wpbdp-field wpbdp-field-value field-display field-value wpbdp-field-tipo_de_tecnica wpbdp-field-meta wpbdp-field-type-multiselect wpbdp-field-association-meta \"><span style=\"font-family: helvetica, arial, sans-serif;\"><label>Tipo de T\u00e9cnica:<\/label><span class=\"value\">EMDR, TIC, CROMOTERAPIA<\/span><\/span><\/div>\n<div class=\"wpbdp-field-display wpbdp-field wpbdp-field-value field-display field-value wpbdp-field-cv wpbdp-field-content wpbdp-field-type-textarea wpbdp-field-association-content \"><span style=\"font-family: helvetica, arial, sans-serif;\"><label><br \/>\nCV:<\/label>Consultor Psicol\u00f3gico Ischis. Orientaci\u00f3n Psicoanal\u00edtica. A\u00f1o 2003<\/span><br \/>\n<span style=\"font-family: helvetica, arial, sans-serif;\">T\u00e9cnicas Coordinaci\u00f3n Grupal. El Bancadero. A\u00f1o 2004<\/span><br \/>\n<span style=\"font-family: helvetica, arial, sans-serif;\">Coaching Ontol\u00f3gico. Formaci\u00f3n Lic Sergio Braggio. A\u00f1o 2009<\/span><br \/>\n<span style=\"font-family: helvetica, arial, sans-serif;\">Terapeuta Certificada en EMDR Parte 1 y Parte 2\u2013 Terapias de Avanzada\u00ae<\/span><br \/>\n<span style=\"font-family: helvetica, arial, sans-serif;\">Programa de Direcci\u00f3n de Pymes \u2013 Universidad de San Andr\u00e9s (2012)<\/span><br \/>\n<span style=\"font-family: helvetica, arial, sans-serif;\">Dise\u00f1o Humano. Los 4 niveles. Formaci\u00f3n Completa a\u00f1o 2015\/2016( me especializo en varias escuelas )<\/span><br \/>\n<span style=\"font-family: helvetica, arial, sans-serif;\">Terapias de Avanzada \u2013 PE.T. TIC. CROMOTIC Y ESCENA FUNDANTE. A\u00f1o 2016<\/span><br \/>\n<span style=\"font-family: helvetica, arial, sans-serif;\">Terapeuta floral (Flores de Saint Germain y California) Fultena\u2013 2001<\/span><br \/>\n<span style=\"font-family: helvetica, arial, sans-serif;\">Biodeco\/bioneuroemoci\u00f3n \u2013Psico genealog\u00eda. Nuevos c\u00f3digos de las Enfermedades. On line escuela Espa\u00f1ola A\u00f1o 2014\/2015<\/span><\/div>\n","protected":false},"excerpt":{"rendered":"<p>Nombre:Sureda, Ximena \u2013 Clor. Pa\u00eds:Argentina Provincia:Buenos Aires Localidad o Ciudad:Nordelta \u2013 Tigre Tipo de T\u00e9cnica:EMDR, TIC, CROMOTERAPIA CV:Consultor Psicol\u00f3gico Ischis. Orientaci\u00f3n Psicoanal\u00edtica. A\u00f1o 2003 T\u00e9cnicas Coordinaci\u00f3n Grupal. El Bancadero. A\u00f1o 2004 Coaching Ontol\u00f3gico. Formaci\u00f3n Lic Sergio Braggio. A\u00f1o 2009 Terapeuta Certificada en EMDR Parte 1 y Parte 2\u2013 Terapias de Avanzada\u00ae Programa de Direcci\u00f3n de &hellip;<\/p>\n<p class=\"read-more\"> <a class=\"\" href=\"https:\/\/www.terapiasdeavanzada.org\/web\/products\/sureda-ximena-clor\/\"> <span class=\"screen-reader-text\">Sureda, Ximena \u2013 Clor.<\/span> Leer m\u00e1s &raquo;<\/a><\/p>\n","protected":false},"featured_media":486,"template":"","meta":{"site-sidebar-layout":"default","site-content-layout":"default","ast-global-header-display":"","ast-banner-title-visibility":"","ast-main-header-display":"","ast-hfb-above-header-display":"","ast-hfb-below-header-display":"","ast-hfb-mobile-header-display":"","site-post-title":"","ast-breadcrumbs-content":"","ast-featured-img":"","footer-sml-layout":"","theme-transparent-header-meta":"","adv-header-id-meta":"","stick-header-meta":"","header-above-stick-meta":"","header-main-stick-meta":"","header-below-stick-meta":""},"al_product-cat":[90,152,155],"_links":{"self":[{"href":"https:\/\/www.terapiasdeavanzada.org\/web\/wp-json\/wp\/v2\/al_product\/485"}],"collection":[{"href":"https:\/\/www.terapiasdeavanzada.org\/web\/wp-json\/wp\/v2\/al_product"}],"about":[{"href":"https:\/\/www.terapiasdeavanzada.org\/web\/wp-json\/wp\/v2\/types\/al_product"}],"wp:featuredmedia":[{"embeddable":true,"href":"https:\/\/www.terapiasdeavanzada.org\/web\/wp-json\/wp\/v2\/media\/486"}],"wp:attachment":[{"href":"https:\/\/www.terapiasdeavanzada.org\/web\/wp-json\/wp\/v2\/media?parent=485"}],"wp:term":[{"taxonomy":"al_product-cat","embeddable":true,"href":"https:\/\/www.terapiasdeavanzada.org\/web\/wp-json\/wp\/v2\/al_product-cat?post=485"}],"curies":[{"name":"wp","href":"https:\/\/api.w.org\/{rel}","templated":true}]}}

<div class="wpbdp-field-display wpbdp-field wpbdp-field-value field-display field-value wpbdp-field-nombre wpbdp-field-title wpbdp-field-type-textfield wpbdp-field-association-title "><span style="font-family: helvetica, arial, sans-serif;"><label>Nombre:</label><span class="value"><a href="http://www.terapiasdeavanzada.org/listado-terapeutas/sureda-ximena-clor/" target="_self">Sureda, Ximena – Clor.</a></span></span></div>
<div class="wpbdp-field-display wpbdp-field wpbdp-field-value field-display field-value wpbdp-field-pais wpbdp-field-meta wpbdp-field-type-select wpbdp-field-association-meta "><span style="font-family: helvetica, arial, sans-serif;"><label>País:</label><span class="value">Argentina</span></span></div>
<div class="wpbdp-field-display wpbdp-field wpbdp-field-value field-display field-value wpbdp-field-provincia wpbdp-field-category wpbdp-field-type-select wpbdp-field-association-category "><span style="font-family: helvetica, arial, sans-serif;"><label>Provincia:</label><span class="value"><a href="http://www.terapiasdeavanzada.org/listado-terapeutas/terapeuta-tipo/buenos-aires/" rel="tag">Buenos Aires</a></span></span></div>
<div class="wpbdp-field-display wpbdp-field wpbdp-field-value field-display field-value wpbdp-field-localidad_o_ciudad wpbdp-field-meta wpbdp-field-type-textfield wpbdp-field-association-meta "><span style="font-family: helvetica, arial, sans-serif;"><label>Localidad o Ciudad:</label><span class="value">Nordelta – Tigre</span></span></div>
<div class="wpbdp-field-display wpbdp-field wpbdp-field-value field-display field-value wpbdp-field-tipo_de_tecnica wpbdp-field-meta wpbdp-field-type-multiselect wpbdp-field-association-meta "><span style="font-family: helvetica, arial, sans-serif;"><label>Tipo de Técnica:</label><span class="value">EMDR, TIC, CROMOTERAPIA</span></span></div>
<div class="wpbdp-field-display wpbdp-field wpbdp-field-value field-display field-value wpbdp-field-cv wpbdp-field-content wpbdp-field-type-textarea wpbdp-field-association-content "><span style="font-family: helvetica, arial, sans-serif;"><label><br />
CV:</label>Consultor Psicológico Ischis. Orientación Psicoanalítica. Año 2003</span><br />
<span style="font-family: helvetica, arial, sans-serif;">Técnicas Coordinación Grupal. El Bancadero. Año 2004</span><br />
<span style="font-family: helvetica, arial, sans-serif;">Coaching Ontológico. Formación Lic Sergio Braggio. Año 2009</span><br />
<span style="font-family: helvetica, arial, sans-serif;">Terapeuta Certificada en EMDR Parte 1 y Parte 2– Terapias de Avanzada®</span><br />
<span style="font-family: helvetica, arial, sans-serif;">Programa de Dirección de Pymes – Universidad de San Andrés (2012)</span><br />
<span style="font-family: helvetica, arial, sans-serif;">Diseño Humano. Los 4 niveles. Formación Completa año 2015/2016( me especializo en varias escuelas )</span><br />
<span style="font-family: helvetica, arial, sans-serif;">Terapias de Avanzada – PE.T. TIC. CROMOTIC Y ESCENA FUNDANTE. Año 2016</span><br />
<span style="font-family: helvetica, arial, sans-serif;">Terapeuta floral (Flores de Saint Germain y California) Fultena– 2001</span><br />
<span style="font-family: helvetica, arial, sans-serif;">Biodeco/bioneuroemoción –Psico genealogía. Nuevos códigos de las Enfermedades. On line escuela Española Año 2014/2015</span></div>

<p>Nombre:Sureda, Ximena – Clor. País:Argentina Provincia:Buenos Aires Localidad o Ciudad:Nordelta – Tigre Tipo de Técnica:EMDR, TIC, CROMOTERAPIA CV:Consultor Psicológico Ischis. Orientación Psicoanalítica. Año 2003 Técnicas Coordinación Grupal. El Bancadero. Año 2004 Coaching Ontológico. Formación Lic Sergio Braggio. Año 2009 Terapeuta Certificada en EMDR Parte 1 y Parte 2– Terapias de Avanzada® Programa de Dirección de &hellip;</p>
<p class="read-more"> <a class="" href="https://www.terapiasdeavanzada.org/web/products/sureda-ximena-clor/"> <span class="screen-reader-text">Sureda, Ximena – Clor.</span> Leer más &raquo;</a></p>
