{"id":672,"date":"2018-06-14T11:28:45","date_gmt":"2018-06-14T14:28:45","guid":{"rendered":"http:\/\/www.terapiasdeavanzada.org\/web\/?post_type=al_product&#038;p=672"},"modified":"2019-10-09T15:42:49","modified_gmt":"2019-10-09T18:42:49","slug":"guerra-gaspar-gabriel-enrique-lic","status":"publish","type":"al_product","link":"https:\/\/www.terapiasdeavanzada.org\/web\/products\/guerra-gaspar-gabriel-enrique-lic\/","title":{"rendered":"Guerra Gaspar, Gabriel Enrique- Lic."},"content":{"rendered":"<div>\n<div class=\"wpbdp-field-display wpbdp-field wpbdp-field-value field-display field-value wpbdp-field-pais wpbdp-field-meta wpbdp-field-type-select wpbdp-field-association-meta \"><span style=\"font-family: helvetica, arial, sans-serif;\"><label>Pa\u00eds:<\/label><span class=\"value\">Chile<\/span><\/span><\/div>\n<div class=\"wpbdp-field-display wpbdp-field wpbdp-field-value field-display field-value wpbdp-field-localidad_o_ciudad wpbdp-field-meta wpbdp-field-type-textfield wpbdp-field-association-meta \"><span style=\"font-family: helvetica, arial, sans-serif;\"><label>Localidad o Ciudad: Arica<\/label><\/span><\/div>\n<div class=\"wpbdp-field-display wpbdp-field wpbdp-field-value field-display field-value wpbdp-field-tipo_de_tecnica wpbdp-field-meta wpbdp-field-type-multiselect wpbdp-field-association-meta \"><span style=\"font-family: helvetica, arial, sans-serif;\"><label>Tipo de T\u00e9cnica:\u00a0<\/label><span class=\"value\">EMDR, TIC, EFT, CROMOTERAPIA &#8211; HIPNOSIS<\/span><\/span><\/div>\n<div class=\"wpbdp-field-display wpbdp-field wpbdp-field-value field-display field-value wpbdp-field-telefono wpbdp-field-meta wpbdp-field-type-textfield wpbdp-field-association-meta \"><span style=\"font-family: helvetica, arial, sans-serif;\"><label>Tel\u00e9fonos:\u00a0+ 56 9 6655 0527<\/label><\/span><\/div>\n<div class=\"wpbdp-field-display wpbdp-field wpbdp-field-value field-display field-value wpbdp-field-otro_telefono wpbdp-field-meta wpbdp-field-type-textfield wpbdp-field-association-meta \"><span style=\"font-family: helvetica, arial, sans-serif;\"><label>Otro tel\u00e9fono:9\u00a0<\/label><span class=\"value\">8853 7876<\/span><\/span><\/div>\n<div class=\"wpbdp-field-display wpbdp-field wpbdp-field-value field-display field-value wpbdp-field-especialidad wpbdp-field-meta wpbdp-field-type-textfield wpbdp-field-association-meta \"><span style=\"font-family: helvetica, arial, sans-serif;\"><label>Especialidad:\u00a0<\/label><span class=\"value\">Ni\u00f1os- adultos<\/span><\/span><\/div>\n<div><\/div>\n<\/div>\n<div><span style=\"font-family: helvetica, arial, sans-serif;\">ANTECEDENTES ACAD\u00c9MICOS<\/span><\/div>\n<div><span style=\"font-family: helvetica, arial, sans-serif;\">Psic\u00f3logo, Universidad Las Am\u00e9ricas<\/span><\/div>\n<div><span style=\"font-family: helvetica, arial, sans-serif;\">Licenciado en Psicolog\u00eda<\/span><\/div>\n<div><span style=\"font-family: helvetica, arial, sans-serif;\">Diplomado en Adicciones, Universidad de Santiago<\/span><\/div>\n<div><span style=\"font-family: helvetica, arial, sans-serif;\">Dramaterapia\u00a0 y\u00a0 Psicodrama, Universidad de Chile<\/span><\/div>\n<div><span style=\"font-family: helvetica, arial, sans-serif;\">Terapeuta EMDR \u2013 Centro de Terapias de Avanzada<\/span><\/div>\n<div><span style=\"font-family: helvetica, arial, sans-serif;\">Terapeuta en TIC (T\u00e9cnicas de Integraci\u00f3n Cerebral) Anteojos Hemisf\u00e9ricos y 1 ojo x Vez. &#8211; \u00a0Centro Terapias Avanzada.<\/span><\/div>\n<div><span style=\"font-family: helvetica, arial, sans-serif;\">Terapeuta EFT\u00a0 (T\u00e9cnica de Liberaci\u00f3n Emocional)<\/span><\/div>\n<div><span style=\"font-family: helvetica, arial, sans-serif;\">Terapeuta Transpersonal -Humanismo Transpersonal, Instituto Expansi\u00f3n\u00a0 de la Conciencia Humana.<\/span><\/div>\n<div><\/div>\n<div><span style=\"font-family: helvetica, arial, sans-serif;\">ANTECEDENTES LABORALES<\/span><\/div>\n<div>\n<p><span style=\"font-family: helvetica, arial, sans-serif;\">2014-2018\u00a0 &#8211;\u00a0 Centro Infanto-Juvenil, Psic\u00f3logo T. A &#8211; Comuna Providencia.\u00a0 Ref.\u00a0 Ps. Natalia Mac Vicar<\/span><br \/>\n<span style=\"font-family: helvetica, arial, sans-serif;\">2018\u00a0 &#8211; Centro especializado M\u00e9dico, CEM, \u00a0Latorre 636, Arica.<\/span><\/p>\n<\/div>\n<div class=\"wpbdp-field-display wpbdp-field wpbdp-field-value field-display field-value wpbdp-field-especialidad wpbdp-field-meta wpbdp-field-type-textfield wpbdp-field-association-meta \"><\/div>\n<div>\n<p>&nbsp;<\/p>\n<\/div>\n","protected":false},"excerpt":{"rendered":"<p>Pa\u00eds:Chile Localidad o Ciudad: Arica Tipo de T\u00e9cnica:\u00a0EMDR, TIC, EFT, CROMOTERAPIA &#8211; HIPNOSIS Tel\u00e9fonos:\u00a0+ 56 9 6655 0527 Otro tel\u00e9fono:9\u00a08853 7876 Especialidad:\u00a0Ni\u00f1os- adultos ANTECEDENTES ACAD\u00c9MICOS Psic\u00f3logo, Universidad Las Am\u00e9ricas Licenciado en Psicolog\u00eda Diplomado en Adicciones, Universidad de Santiago Dramaterapia\u00a0 y\u00a0 Psicodrama, Universidad de Chile Terapeuta EMDR \u2013 Centro de Terapias de Avanzada Terapeuta en TIC &hellip;<\/p>\n<p class=\"read-more\"> <a class=\"\" href=\"https:\/\/www.terapiasdeavanzada.org\/web\/products\/guerra-gaspar-gabriel-enrique-lic\/\"> <span class=\"screen-reader-text\">Guerra Gaspar, Gabriel Enrique- Lic.<\/span> Leer m\u00e1s &raquo;<\/a><\/p>\n","protected":false},"featured_media":1408,"template":"","meta":{"site-sidebar-layout":"default","site-content-layout":"default","ast-global-header-display":"","ast-banner-title-visibility":"","ast-main-header-display":"","ast-hfb-above-header-display":"","ast-hfb-below-header-display":"","ast-hfb-mobile-header-display":"","site-post-title":"","ast-breadcrumbs-content":"","ast-featured-img":"","footer-sml-layout":"","theme-transparent-header-meta":"","adv-header-id-meta":"","stick-header-meta":"","header-above-stick-meta":"","header-main-stick-meta":"","header-below-stick-meta":""},"al_product-cat":[275,66],"_links":{"self":[{"href":"https:\/\/www.terapiasdeavanzada.org\/web\/wp-json\/wp\/v2\/al_product\/672"}],"collection":[{"href":"https:\/\/www.terapiasdeavanzada.org\/web\/wp-json\/wp\/v2\/al_product"}],"about":[{"href":"https:\/\/www.terapiasdeavanzada.org\/web\/wp-json\/wp\/v2\/types\/al_product"}],"wp:featuredmedia":[{"embeddable":true,"href":"https:\/\/www.terapiasdeavanzada.org\/web\/wp-json\/wp\/v2\/media\/1408"}],"wp:attachment":[{"href":"https:\/\/www.terapiasdeavanzada.org\/web\/wp-json\/wp\/v2\/media?parent=672"}],"wp:term":[{"taxonomy":"al_product-cat","embeddable":true,"href":"https:\/\/www.terapiasdeavanzada.org\/web\/wp-json\/wp\/v2\/al_product-cat?post=672"}],"curies":[{"name":"wp","href":"https:\/\/api.w.org\/{rel}","templated":true}]}}

<div>
<div class="wpbdp-field-display wpbdp-field wpbdp-field-value field-display field-value wpbdp-field-pais wpbdp-field-meta wpbdp-field-type-select wpbdp-field-association-meta "><span style="font-family: helvetica, arial, sans-serif;"><label>País:</label><span class="value">Chile</span></span></div>
<div class="wpbdp-field-display wpbdp-field wpbdp-field-value field-display field-value wpbdp-field-localidad_o_ciudad wpbdp-field-meta wpbdp-field-type-textfield wpbdp-field-association-meta "><span style="font-family: helvetica, arial, sans-serif;"><label>Localidad o Ciudad: Arica</label></span></div>
<div class="wpbdp-field-display wpbdp-field wpbdp-field-value field-display field-value wpbdp-field-tipo_de_tecnica wpbdp-field-meta wpbdp-field-type-multiselect wpbdp-field-association-meta "><span style="font-family: helvetica, arial, sans-serif;"><label>Tipo de Técnica: </label><span class="value">EMDR, TIC, EFT, CROMOTERAPIA &#8211; HIPNOSIS</span></span></div>
<div class="wpbdp-field-display wpbdp-field wpbdp-field-value field-display field-value wpbdp-field-telefono wpbdp-field-meta wpbdp-field-type-textfield wpbdp-field-association-meta "><span style="font-family: helvetica, arial, sans-serif;"><label>Teléfonos: + 56 9 6655 0527</label></span></div>
<div class="wpbdp-field-display wpbdp-field wpbdp-field-value field-display field-value wpbdp-field-otro_telefono wpbdp-field-meta wpbdp-field-type-textfield wpbdp-field-association-meta "><span style="font-family: helvetica, arial, sans-serif;"><label>Otro teléfono:9 </label><span class="value">8853 7876</span></span></div>
<div class="wpbdp-field-display wpbdp-field wpbdp-field-value field-display field-value wpbdp-field-especialidad wpbdp-field-meta wpbdp-field-type-textfield wpbdp-field-association-meta "><span style="font-family: helvetica, arial, sans-serif;"><label>Especialidad: </label><span class="value">Niños- adultos</span></span></div>
<div></div>
</div>
<div><span style="font-family: helvetica, arial, sans-serif;">ANTECEDENTES ACADÉMICOS</span></div>
<div><span style="font-family: helvetica, arial, sans-serif;">Psicólogo, Universidad Las Américas</span></div>
<div><span style="font-family: helvetica, arial, sans-serif;">Licenciado en Psicología</span></div>
<div><span style="font-family: helvetica, arial, sans-serif;">Diplomado en Adicciones, Universidad de Santiago</span></div>
<div><span style="font-family: helvetica, arial, sans-serif;">Dramaterapia  y  Psicodrama, Universidad de Chile</span></div>
<div><span style="font-family: helvetica, arial, sans-serif;">Terapeuta EMDR – Centro de Terapias de Avanzada</span></div>
<div><span style="font-family: helvetica, arial, sans-serif;">Terapeuta en TIC (Técnicas de Integración Cerebral) Anteojos Hemisféricos y 1 ojo x Vez. &#8211;  Centro Terapias Avanzada.</span></div>
<div><span style="font-family: helvetica, arial, sans-serif;">Terapeuta EFT  (Técnica de Liberación Emocional)</span></div>
<div><span style="font-family: helvetica, arial, sans-serif;">Terapeuta Transpersonal -Humanismo Transpersonal, Instituto Expansión  de la Conciencia Humana.</span></div>
<div></div>
<div><span style="font-family: helvetica, arial, sans-serif;">ANTECEDENTES LABORALES</span></div>
<div>
<p><span style="font-family: helvetica, arial, sans-serif;">2014-2018  &#8211;  Centro Infanto-Juvenil, Psicólogo T. A &#8211; Comuna Providencia.  Ref.  Ps. Natalia Mac Vicar</span><br />
<span style="font-family: helvetica, arial, sans-serif;">2018  &#8211; Centro especializado Médico, CEM,  Latorre 636, Arica.</span></p>
</div>
<div class="wpbdp-field-display wpbdp-field wpbdp-field-value field-display field-value wpbdp-field-especialidad wpbdp-field-meta wpbdp-field-type-textfield wpbdp-field-association-meta "></div>
<div>
<p>&nbsp;</p>
</div>

<p>País:Chile Localidad o Ciudad: Arica Tipo de Técnica: EMDR, TIC, EFT, CROMOTERAPIA &#8211; HIPNOSIS Teléfonos: + 56 9 6655 0527 Otro teléfono:9 8853 7876 Especialidad: Niños- adultos ANTECEDENTES ACADÉMICOS Psicólogo, Universidad Las Américas Licenciado en Psicología Diplomado en Adicciones, Universidad de Santiago Dramaterapia  y  Psicodrama, Universidad de Chile Terapeuta EMDR – Centro de Terapias de Avanzada Terapeuta en TIC &hellip;</p>
<p class="read-more"> <a class="" href="https://www.terapiasdeavanzada.org/web/products/guerra-gaspar-gabriel-enrique-lic/"> <span class="screen-reader-text">Guerra Gaspar, Gabriel Enrique- Lic.</span> Leer más &raquo;</a></p>
