{"id":838,"date":"2018-08-08T18:24:21","date_gmt":"2018-08-08T21:24:21","guid":{"rendered":"http:\/\/www.terapiasdeavanzada.org\/web\/?post_type=al_product&#038;p=838"},"modified":"2019-10-09T15:21:45","modified_gmt":"2019-10-09T18:21:45","slug":"bonich-jose-maria-dr","status":"publish","type":"al_product","link":"https:\/\/www.terapiasdeavanzada.org\/web\/products\/bonich-jose-maria-dr\/","title":{"rendered":"Bonich, Jos\u00e9 Mar\u00eda \u2013 Dr."},"content":{"rendered":"<div class=\"wpbdp-field-display wpbdp-field wpbdp-field-value field-display field-value wpbdp-field-nombre wpbdp-field-title wpbdp-field-type-textfield wpbdp-field-association-title \"><span style=\"font-family: helvetica, arial, sans-serif;\"><label>Nombre:<\/label><span class=\"value\"><a href=\"http:\/\/www.terapiasdeavanzada.org\/listado-terapeutas\/bonich-jose-maria-dr\/\" target=\"_self\">Bonich, Jos\u00e9 Mar\u00eda \u2013 Dr.<\/a><\/span><\/span><\/div>\n<div class=\"wpbdp-field-display wpbdp-field wpbdp-field-value field-display field-value wpbdp-field-pais wpbdp-field-meta wpbdp-field-type-select wpbdp-field-association-meta \"><span style=\"font-family: helvetica, arial, sans-serif;\"><label>Pa\u00eds:<\/label><span class=\"value\">Argentina<\/span><\/span><\/div>\n<div class=\"wpbdp-field-display wpbdp-field wpbdp-field-value field-display field-value wpbdp-field-provincia wpbdp-field-category wpbdp-field-type-select wpbdp-field-association-category \"><span style=\"font-family: helvetica, arial, sans-serif;\"><label>Provincia:<\/label><span class=\"value\"><a href=\"http:\/\/www.terapiasdeavanzada.org\/listado-terapeutas\/terapeuta-tipo\/cordoba\/\" rel=\"tag\">C\u00f3rdoba<\/a><\/span><\/span><\/div>\n<div class=\"wpbdp-field-display wpbdp-field wpbdp-field-value field-display field-value wpbdp-field-localidad_o_ciudad wpbdp-field-meta wpbdp-field-type-textfield wpbdp-field-association-meta \"><span style=\"font-family: helvetica, arial, sans-serif;\"><label>Localidad o Ciudad:<\/label><span class=\"value\">Villa Giardino &#8211;\u00a0C\u00f3rdoba capital, La Falda y Capilla del Monte.<\/span><\/span><\/div>\n<div class=\"wpbdp-field-display wpbdp-field wpbdp-field-value field-display field-value wpbdp-field-tipo_de_tecnica wpbdp-field-meta wpbdp-field-type-multiselect wpbdp-field-association-meta \"><span style=\"font-family: helvetica, arial, sans-serif;\"><label>Tipo de T\u00e9cnica:<\/label><span class=\"value\">EMDR, TIC<\/span><\/span><\/div>\n<div class=\"wpbdp-field-display wpbdp-field wpbdp-field-value field-display field-value wpbdp-field-celular wpbdp-field-meta wpbdp-field-type-textfield wpbdp-field-association-meta \"><span style=\"font-family: helvetica, arial, sans-serif;\"><label>Celular:03548-15630547<\/label><\/span><\/div>\n<div class=\"wpbdp-field-display wpbdp-field wpbdp-field-value field-display field-value wpbdp-field-especialidad wpbdp-field-meta wpbdp-field-type-textfield wpbdp-field-association-meta \"><span style=\"font-family: helvetica, arial, sans-serif;\"><label>Especialidad:<\/label><span class=\"value\">Adolescentes &#8211; Adultos &#8211; Familia &#8211; Parejas &#8211; Psicosis &#8211; Depresi\u00f3n &#8211; Enf. Bipolar &#8211; Alcoholismo &#8211; Adicciones &#8211; PET &#8211; TOC &#8211; ADHD &#8211; Demencias &#8211; Retrasos mentales.<\/span><\/span><\/div>\n<div><\/div>\n<div>\n<p><span style=\"font-family: helvetica, arial, sans-serif;\">M\u00e9dico Psiquiatra<\/span><br \/>\n<span style=\"font-family: helvetica, arial, sans-serif;\">M\u00e9dico en 1974,<\/span><br \/>\n<span style=\"font-family: helvetica, arial, sans-serif;\">Psiquiatra en 1977,<\/span><br \/>\n<span style=\"font-family: helvetica, arial, sans-serif;\">Terapeuta Gest\u00e1ltico en 1994,<\/span><br \/>\n<span style=\"font-family: helvetica, arial, sans-serif;\">EMDR 1\u00b0 y 2\u00b0 nivel en abril y octubre de 1999,<\/span><br \/>\n<span style=\"font-family: helvetica, arial, sans-serif;\">Profesor de psicopatolog\u00eda y de psicofarmacolog\u00eda del postgrado de psiquiatr\u00eda del Hospital Santa Mar\u00eda de C\u00f3rdoba hasta noviembre de 2015.<\/span><\/p>\n<\/div>\n","protected":false},"excerpt":{"rendered":"<p>Nombre:Bonich, Jos\u00e9 Mar\u00eda \u2013 Dr. Pa\u00eds:Argentina Provincia:C\u00f3rdoba Localidad o Ciudad:Villa Giardino &#8211;\u00a0C\u00f3rdoba capital, La Falda y Capilla del Monte. Tipo de T\u00e9cnica:EMDR, TIC Celular:03548-15630547 Especialidad:Adolescentes &#8211; Adultos &#8211; Familia &#8211; Parejas &#8211; Psicosis &#8211; Depresi\u00f3n &#8211; Enf. Bipolar &#8211; Alcoholismo &#8211; Adicciones &#8211; PET &#8211; TOC &#8211; ADHD &#8211; Demencias &#8211; Retrasos mentales. M\u00e9dico Psiquiatra &hellip;<\/p>\n<p class=\"read-more\"> <a class=\"\" href=\"https:\/\/www.terapiasdeavanzada.org\/web\/products\/bonich-jose-maria-dr\/\"> <span class=\"screen-reader-text\">Bonich, Jos\u00e9 Mar\u00eda \u2013 Dr.<\/span> Leer m\u00e1s &raquo;<\/a><\/p>\n","protected":false},"featured_media":1402,"template":"","meta":{"site-sidebar-layout":"default","site-content-layout":"default","ast-global-header-display":"","ast-banner-title-visibility":"","ast-main-header-display":"","ast-hfb-above-header-display":"","ast-hfb-below-header-display":"","ast-hfb-mobile-header-display":"","site-post-title":"","ast-breadcrumbs-content":"","ast-featured-img":"","footer-sml-layout":"","theme-transparent-header-meta":"","adv-header-id-meta":"","stick-header-meta":"","header-above-stick-meta":"","header-main-stick-meta":"","header-below-stick-meta":""},"al_product-cat":[90,285,163,164,284,283],"_links":{"self":[{"href":"https:\/\/www.terapiasdeavanzada.org\/web\/wp-json\/wp\/v2\/al_product\/838"}],"collection":[{"href":"https:\/\/www.terapiasdeavanzada.org\/web\/wp-json\/wp\/v2\/al_product"}],"about":[{"href":"https:\/\/www.terapiasdeavanzada.org\/web\/wp-json\/wp\/v2\/types\/al_product"}],"wp:featuredmedia":[{"embeddable":true,"href":"https:\/\/www.terapiasdeavanzada.org\/web\/wp-json\/wp\/v2\/media\/1402"}],"wp:attachment":[{"href":"https:\/\/www.terapiasdeavanzada.org\/web\/wp-json\/wp\/v2\/media?parent=838"}],"wp:term":[{"taxonomy":"al_product-cat","embeddable":true,"href":"https:\/\/www.terapiasdeavanzada.org\/web\/wp-json\/wp\/v2\/al_product-cat?post=838"}],"curies":[{"name":"wp","href":"https:\/\/api.w.org\/{rel}","templated":true}]}}

Bonich, José María – Dr.

<div class="wpbdp-field-display wpbdp-field wpbdp-field-value field-display field-value wpbdp-field-nombre wpbdp-field-title wpbdp-field-type-textfield wpbdp-field-association-title "><span style="font-family: helvetica, arial, sans-serif;"><label>Nombre:</label><span class="value"><a href="http://www.terapiasdeavanzada.org/listado-terapeutas/bonich-jose-maria-dr/" target="_self">Bonich, José María – Dr.</a></span></span></div>
<div class="wpbdp-field-display wpbdp-field wpbdp-field-value field-display field-value wpbdp-field-pais wpbdp-field-meta wpbdp-field-type-select wpbdp-field-association-meta "><span style="font-family: helvetica, arial, sans-serif;"><label>País:</label><span class="value">Argentina</span></span></div>
<div class="wpbdp-field-display wpbdp-field wpbdp-field-value field-display field-value wpbdp-field-provincia wpbdp-field-category wpbdp-field-type-select wpbdp-field-association-category "><span style="font-family: helvetica, arial, sans-serif;"><label>Provincia:</label><span class="value"><a href="http://www.terapiasdeavanzada.org/listado-terapeutas/terapeuta-tipo/cordoba/" rel="tag">Córdoba</a></span></span></div>
<div class="wpbdp-field-display wpbdp-field wpbdp-field-value field-display field-value wpbdp-field-localidad_o_ciudad wpbdp-field-meta wpbdp-field-type-textfield wpbdp-field-association-meta "><span style="font-family: helvetica, arial, sans-serif;"><label>Localidad o Ciudad:</label><span class="value">Villa Giardino &#8211; Córdoba capital, La Falda y Capilla del Monte.</span></span></div>
<div class="wpbdp-field-display wpbdp-field wpbdp-field-value field-display field-value wpbdp-field-tipo_de_tecnica wpbdp-field-meta wpbdp-field-type-multiselect wpbdp-field-association-meta "><span style="font-family: helvetica, arial, sans-serif;"><label>Tipo de Técnica:</label><span class="value">EMDR, TIC</span></span></div>
<div class="wpbdp-field-display wpbdp-field wpbdp-field-value field-display field-value wpbdp-field-celular wpbdp-field-meta wpbdp-field-type-textfield wpbdp-field-association-meta "><span style="font-family: helvetica, arial, sans-serif;"><label>Celular:03548-15630547</label></span></div>
<div class="wpbdp-field-display wpbdp-field wpbdp-field-value field-display field-value wpbdp-field-especialidad wpbdp-field-meta wpbdp-field-type-textfield wpbdp-field-association-meta "><span style="font-family: helvetica, arial, sans-serif;"><label>Especialidad:</label><span class="value">Adolescentes &#8211; Adultos &#8211; Familia &#8211; Parejas &#8211; Psicosis &#8211; Depresión &#8211; Enf. Bipolar &#8211; Alcoholismo &#8211; Adicciones &#8211; PET &#8211; TOC &#8211; ADHD &#8211; Demencias &#8211; Retrasos mentales.</span></span></div>
<div></div>
<div>
<p><span style="font-family: helvetica, arial, sans-serif;">Médico Psiquiatra</span><br />
<span style="font-family: helvetica, arial, sans-serif;">Médico en 1974,</span><br />
<span style="font-family: helvetica, arial, sans-serif;">Psiquiatra en 1977,</span><br />
<span style="font-family: helvetica, arial, sans-serif;">Terapeuta Gestáltico en 1994,</span><br />
<span style="font-family: helvetica, arial, sans-serif;">EMDR 1° y 2° nivel en abril y octubre de 1999,</span><br />
<span style="font-family: helvetica, arial, sans-serif;">Profesor de psicopatología y de psicofarmacología del postgrado de psiquiatría del Hospital Santa María de Córdoba hasta noviembre de 2015.</span></p>
</div>

<p>Nombre:Bonich, José María – Dr. País:Argentina Provincia:Córdoba Localidad o Ciudad:Villa Giardino &#8211; Córdoba capital, La Falda y Capilla del Monte. Tipo de Técnica:EMDR, TIC Celular:03548-15630547 Especialidad:Adolescentes &#8211; Adultos &#8211; Familia &#8211; Parejas &#8211; Psicosis &#8211; Depresión &#8211; Enf. Bipolar &#8211; Alcoholismo &#8211; Adicciones &#8211; PET &#8211; TOC &#8211; ADHD &#8211; Demencias &#8211; Retrasos mentales. Médico Psiquiatra &hellip;</p>
<p class="read-more"> <a class="" href="https://www.terapiasdeavanzada.org/web/products/bonich-jose-maria-dr/"> <span class="screen-reader-text">Bonich, José María – Dr.</span> Leer más &raquo;</a></p>
