{"id":842,"date":"2018-08-08T18:30:16","date_gmt":"2018-08-08T21:30:16","guid":{"rendered":"http:\/\/www.terapiasdeavanzada.org\/web\/?post_type=al_product&#038;p=842"},"modified":"2019-10-09T16:05:45","modified_gmt":"2019-10-09T19:05:45","slug":"chicco-sandra-lic","status":"publish","type":"al_product","link":"https:\/\/www.terapiasdeavanzada.org\/web\/products\/chicco-sandra-lic\/","title":{"rendered":"Chicco, Sandra \u2013 Lic."},"content":{"rendered":"<div class=\"wpbdp-field-display wpbdp-field wpbdp-field-value field-display field-value wpbdp-field-nombre wpbdp-field-title wpbdp-field-type-textfield wpbdp-field-association-title \"><span style=\"font-family: helvetica, arial, sans-serif;\"><label>Nombre:<\/label><span class=\"value\"><a href=\"http:\/\/www.terapiasdeavanzada.org\/listado-terapeutas\/chicco-sandra-lic\/\" target=\"_self\">Chicco, Sandra \u2013 Lic.<\/a><\/span><\/span><\/div>\n<div class=\"wpbdp-field-display wpbdp-field wpbdp-field-value field-display field-value wpbdp-field-pais wpbdp-field-meta wpbdp-field-type-select wpbdp-field-association-meta \"><span style=\"font-family: helvetica, arial, sans-serif;\"><label>Pa\u00eds:<\/label><span class=\"value\">Argentina<\/span><\/span><\/div>\n<div class=\"wpbdp-field-display wpbdp-field wpbdp-field-value field-display field-value wpbdp-field-provincia wpbdp-field-category wpbdp-field-type-select wpbdp-field-association-category \"><span style=\"font-family: helvetica, arial, sans-serif;\"><label>Provincia:<\/label><span class=\"value\"><a href=\"http:\/\/www.terapiasdeavanzada.org\/listado-terapeutas\/terapeuta-tipo\/capital-federal\/\" rel=\"tag\">Capital Federal<\/a><\/span><\/span><\/div>\n<div class=\"wpbdp-field-display wpbdp-field wpbdp-field-value field-display field-value wpbdp-field-localidad_o_ciudad wpbdp-field-meta wpbdp-field-type-textfield wpbdp-field-association-meta \"><span style=\"font-family: helvetica, arial, sans-serif;\"><label>Localidad:<\/label><span class=\"value\">Caballito<\/span><\/span><\/div>\n<div class=\"wpbdp-field-display wpbdp-field wpbdp-field-value field-display field-value wpbdp-field-tipo_de_tecnica wpbdp-field-meta wpbdp-field-type-multiselect wpbdp-field-association-meta \"><span style=\"font-family: helvetica, arial, sans-serif;\"><label>Tipo de T\u00e9cnica:<\/label><span class=\"value\">EMDR, TIC, CROMOTERAPIA, TERAPIA AURICULAR<\/span><\/span><\/div>\n<div class=\"wpbdp-field-display wpbdp-field wpbdp-field-value field-display field-value wpbdp-field-telefono wpbdp-field-meta wpbdp-field-type-textfield wpbdp-field-association-meta \"><span style=\"font-family: helvetica, arial, sans-serif;\"><label>Tel\u00e9fono:<\/label><span class=\"value\">155-038-9957<\/span><\/span><\/div>\n<div class=\"wpbdp-field-display wpbdp-field wpbdp-field-value field-display field-value wpbdp-field-especialidad wpbdp-field-meta wpbdp-field-type-textfield wpbdp-field-association-meta \"><span style=\"font-family: helvetica, arial, sans-serif;\"><label>Especialidad:<\/label><span class=\"value\">J\u00f3venes, Familia con ni\u00f1os y adolescentes (Vincular), Adicciones, Violencia Familiar, Prevenci\u00f3n al Suicidio y atenci\u00f3n familiares. Crisis, Trauma, Abuso Sexual, Ataques de P\u00e1nico, Fobias.<\/span><\/span><\/div>\n","protected":false},"excerpt":{"rendered":"<p>Nombre:Chicco, Sandra \u2013 Lic. Pa\u00eds:Argentina Provincia:Capital Federal Localidad:Caballito Tipo de T\u00e9cnica:EMDR, TIC, CROMOTERAPIA, TERAPIA AURICULAR Tel\u00e9fono:155-038-9957 Especialidad:J\u00f3venes, Familia con ni\u00f1os y adolescentes (Vincular), Adicciones, Violencia Familiar, Prevenci\u00f3n al Suicidio y atenci\u00f3n familiares. Crisis, Trauma, Abuso Sexual, Ataques de P\u00e1nico, Fobias.<\/p>\n","protected":false},"featured_media":1399,"template":"","meta":{"site-sidebar-layout":"default","site-content-layout":"default","ast-global-header-display":"","ast-banner-title-visibility":"","ast-main-header-display":"","ast-hfb-above-header-display":"","ast-hfb-below-header-display":"","ast-hfb-mobile-header-display":"","site-post-title":"","ast-breadcrumbs-content":"","ast-featured-img":"","footer-sml-layout":"","theme-transparent-header-meta":"","adv-header-id-meta":"","stick-header-meta":"","header-above-stick-meta":"","header-main-stick-meta":"","header-below-stick-meta":""},"al_product-cat":[90,152,158],"_links":{"self":[{"href":"https:\/\/www.terapiasdeavanzada.org\/web\/wp-json\/wp\/v2\/al_product\/842"}],"collection":[{"href":"https:\/\/www.terapiasdeavanzada.org\/web\/wp-json\/wp\/v2\/al_product"}],"about":[{"href":"https:\/\/www.terapiasdeavanzada.org\/web\/wp-json\/wp\/v2\/types\/al_product"}],"wp:featuredmedia":[{"embeddable":true,"href":"https:\/\/www.terapiasdeavanzada.org\/web\/wp-json\/wp\/v2\/media\/1399"}],"wp:attachment":[{"href":"https:\/\/www.terapiasdeavanzada.org\/web\/wp-json\/wp\/v2\/media?parent=842"}],"wp:term":[{"taxonomy":"al_product-cat","embeddable":true,"href":"https:\/\/www.terapiasdeavanzada.org\/web\/wp-json\/wp\/v2\/al_product-cat?post=842"}],"curies":[{"name":"wp","href":"https:\/\/api.w.org\/{rel}","templated":true}]}}

<div class="wpbdp-field-display wpbdp-field wpbdp-field-value field-display field-value wpbdp-field-nombre wpbdp-field-title wpbdp-field-type-textfield wpbdp-field-association-title "><span style="font-family: helvetica, arial, sans-serif;"><label>Nombre:</label><span class="value"><a href="http://www.terapiasdeavanzada.org/listado-terapeutas/chicco-sandra-lic/" target="_self">Chicco, Sandra – Lic.</a></span></span></div>
<div class="wpbdp-field-display wpbdp-field wpbdp-field-value field-display field-value wpbdp-field-pais wpbdp-field-meta wpbdp-field-type-select wpbdp-field-association-meta "><span style="font-family: helvetica, arial, sans-serif;"><label>País:</label><span class="value">Argentina</span></span></div>
<div class="wpbdp-field-display wpbdp-field wpbdp-field-value field-display field-value wpbdp-field-provincia wpbdp-field-category wpbdp-field-type-select wpbdp-field-association-category "><span style="font-family: helvetica, arial, sans-serif;"><label>Provincia:</label><span class="value"><a href="http://www.terapiasdeavanzada.org/listado-terapeutas/terapeuta-tipo/capital-federal/" rel="tag">Capital Federal</a></span></span></div>
<div class="wpbdp-field-display wpbdp-field wpbdp-field-value field-display field-value wpbdp-field-localidad_o_ciudad wpbdp-field-meta wpbdp-field-type-textfield wpbdp-field-association-meta "><span style="font-family: helvetica, arial, sans-serif;"><label>Localidad:</label><span class="value">Caballito</span></span></div>
<div class="wpbdp-field-display wpbdp-field wpbdp-field-value field-display field-value wpbdp-field-tipo_de_tecnica wpbdp-field-meta wpbdp-field-type-multiselect wpbdp-field-association-meta "><span style="font-family: helvetica, arial, sans-serif;"><label>Tipo de Técnica:</label><span class="value">EMDR, TIC, CROMOTERAPIA, TERAPIA AURICULAR</span></span></div>
<div class="wpbdp-field-display wpbdp-field wpbdp-field-value field-display field-value wpbdp-field-telefono wpbdp-field-meta wpbdp-field-type-textfield wpbdp-field-association-meta "><span style="font-family: helvetica, arial, sans-serif;"><label>Teléfono:</label><span class="value">155-038-9957</span></span></div>
<div class="wpbdp-field-display wpbdp-field wpbdp-field-value field-display field-value wpbdp-field-especialidad wpbdp-field-meta wpbdp-field-type-textfield wpbdp-field-association-meta "><span style="font-family: helvetica, arial, sans-serif;"><label>Especialidad:</label><span class="value">Jóvenes, Familia con niños y adolescentes (Vincular), Adicciones, Violencia Familiar, Prevención al Suicidio y atención familiares. Crisis, Trauma, Abuso Sexual, Ataques de Pánico, Fobias.</span></span></div>

<p>Nombre:Chicco, Sandra – Lic. País:Argentina Provincia:Capital Federal Localidad:Caballito Tipo de Técnica:EMDR, TIC, CROMOTERAPIA, TERAPIA AURICULAR Teléfono:155-038-9957 Especialidad:Jóvenes, Familia con niños y adolescentes (Vincular), Adicciones, Violencia Familiar, Prevención al Suicidio y atención familiares. Crisis, Trauma, Abuso Sexual, Ataques de Pánico, Fobias.</p>
