{"id":848,"date":"2018-08-08T18:43:37","date_gmt":"2018-08-08T21:43:37","guid":{"rendered":"http:\/\/www.terapiasdeavanzada.org\/web\/?post_type=al_product&#038;p=848"},"modified":"2019-10-09T14:51:54","modified_gmt":"2019-10-09T17:51:54","slug":"diaz-marta-susana-dra","status":"publish","type":"al_product","link":"https:\/\/www.terapiasdeavanzada.org\/web\/products\/diaz-marta-susana-dra\/","title":{"rendered":"D\u00edaz, Marta Susana \u2013 Dra."},"content":{"rendered":"<div class=\"wpbdp-field-display wpbdp-field wpbdp-field-value field-display field-value wpbdp-field-nombre wpbdp-field-title wpbdp-field-type-textfield wpbdp-field-association-title \"><span style=\"font-family: helvetica, arial, sans-serif;\"><label>Nombre:\u00a0<\/label><span class=\"value\"><a href=\"http:\/\/www.terapiasdeavanzada.org\/listado-terapeutas\/diaz-marta-susana-dra\/\" target=\"_self\">D\u00edaz, Marta Susana \u2013 Dra.<\/a><\/span><\/span><\/div>\n<div class=\"wpbdp-field-display wpbdp-field wpbdp-field-value field-display field-value wpbdp-field-pais wpbdp-field-meta wpbdp-field-type-select wpbdp-field-association-meta \"><span style=\"font-family: helvetica, arial, sans-serif;\"><label>Pa\u00eds:\u00a0<\/label><span class=\"value\">Argentina<\/span><\/span><\/div>\n<div class=\"wpbdp-field-display wpbdp-field wpbdp-field-value field-display field-value wpbdp-field-provincia wpbdp-field-category wpbdp-field-type-select wpbdp-field-association-category \"><span style=\"font-family: helvetica, arial, sans-serif;\"><label>Provincia:\u00a0<\/label><span class=\"value\"><a href=\"http:\/\/www.terapiasdeavanzada.org\/listado-terapeutas\/terapeuta-tipo\/rio-negro\/\" rel=\"tag\">R\u00edo Negro<\/a><\/span><\/span><\/div>\n<div class=\"wpbdp-field-display wpbdp-field wpbdp-field-value field-display field-value wpbdp-field-localidad_o_ciudad wpbdp-field-meta wpbdp-field-type-textfield wpbdp-field-association-meta \"><span style=\"font-family: helvetica, arial, sans-serif;\"><label>Localidad o Ciudad:\u00a0<\/label><span class=\"value\">San Carlos de Bariloche<\/span><\/span><\/div>\n<div class=\"wpbdp-field-display wpbdp-field wpbdp-field-value field-display field-value wpbdp-field-tipo_de_tecnica wpbdp-field-meta wpbdp-field-type-multiselect wpbdp-field-association-meta \"><span style=\"font-family: helvetica, arial, sans-serif;\"><label>Tipo de T\u00e9cnica:\u00a0<\/label><span class=\"value\">EMDR, TIC, BRAIN GYM<\/span><\/span><\/div>\n<div class=\"wpbdp-field-display wpbdp-field wpbdp-field-value field-display field-value wpbdp-field-telefono wpbdp-field-meta wpbdp-field-type-textfield wpbdp-field-association-meta \"><span style=\"font-family: helvetica, arial, sans-serif;\"><label>Tel\u00e9fono:\u00a0<\/label><span class=\"value\">02944-15630444<\/span><\/span><\/div>\n<div class=\"wpbdp-field-display wpbdp-field wpbdp-field-value field-display field-value wpbdp-field-web wpbdp-field-meta wpbdp-field-type-url wpbdp-field-association-meta \"><span style=\"font-family: helvetica, arial, sans-serif;\"><label>Web:\u00a0<\/label><span class=\"value\"><a title=\"www.loscerezosargentina.com.ar\" href=\"http:\/\/www.loscerezosargentina.com.ar\/\" target=\"_blank\" rel=\"noopener\">www.loscerezosargentina.com.ar<\/a><\/span><\/span><\/div>\n<div><\/div>\n<div>\n<p><span style=\"font-family: helvetica, arial, sans-serif;\">M\u00e9dica &#8211; Universidad Nacional de la Plata<\/span><br \/>\n<span style=\"font-family: helvetica, arial, sans-serif;\">M\u00e9dica especialista en Psicolog\u00eda Cl\u00ednica &#8211; Pontificia Universidad Cat\u00f3lica Santa Mar\u00eda de los Buenos Aires<\/span><br \/>\n<span style=\"font-family: helvetica, arial, sans-serif;\">Master of Liberal Arts in Culture and Spirituality, Holy Names University.<\/span><br \/>\n<span style=\"font-family: helvetica, arial, sans-serif;\">Focusing Trainer en el Focusing Institute, New York.<\/span><br \/>\n<span style=\"font-family: helvetica, arial, sans-serif;\">En Milwaukee, Wisconsin, USA, curs\u00f3 el Programa de Entrenadores en T\u00e9cnicas de Modulaci\u00f3n Emocional de Capacitar Internacional.<\/span><br \/>\n<span style=\"font-family: helvetica, arial, sans-serif;\">Cofundadora de \u201cLos Cerezos Centro de Ecoespiritualidad\u201d en la localidad de San Miguel, Provincia de Buenos Aires.<\/span><br \/>\n<span style=\"font-family: helvetica, arial, sans-serif;\">Representante de Capacitar Internacional en Argentina.<\/span><br \/>\n<span style=\"font-family: helvetica, arial, sans-serif;\">Trabaja como docente ofreciendo cursos y entrenamientos en Focusing y Capacitar en distintas ciudades del pa\u00eds.<\/span><br \/>\n<span style=\"font-family: helvetica, arial, sans-serif;\">Terapeuta y Facilitadora de EMDR.<\/span><br \/>\n<span style=\"font-family: helvetica, arial, sans-serif;\">Terapeuta en TIC<sup>\u00ae<\/sup> : T\u00e9cnicas de Integraci\u00f3n Cerebral<sup>\u00ae<\/sup> (Anteojos hemisf\u00e9ricos<sup>\u00ae<\/sup> y un ojo por Vez<sup>\u00ae<\/sup>)<\/span><br \/>\n<span style=\"font-family: helvetica, arial, sans-serif;\">Terapeuta en Auriculoterapia, Terapia del Sonido, Medicina Germ\u00e1nica, Biomagnetismo M\u00e9dico y BQT (Bio-Quantum-Therapy)<\/span><br \/>\n<span style=\"font-family: helvetica, arial, sans-serif;\">Cofundadora del \u201cCentro de Ecoespiritualidad Los Cerezos Sur\u201d en Bariloche y del Instituto de Educaci\u00f3n Superior Los Cerezos Sur en la Ciudad de Neuqu\u00e9n del cual es actualmente Representante Legal, Coordinadora de carreras y profesora a cargo del \u00e1rea de Neurociencias. Donde se dictan las carreras de Tecnicatura Superior en Consultor\u00eda Psicol\u00f3gica y de Tecnicatura Superior en Acompa\u00f1amiento Terap\u00e9utico.<\/span><br \/>\n<span style=\"font-family: helvetica, arial, sans-serif;\">A \u00a0cargo del programa de especializaci\u00f3n en Focusing aplicado al Psicotrauma de dicho Instituto.<\/span><br \/>\n<span style=\"font-family: helvetica, arial, sans-serif;\">Coordinadora del Programa Anual de Formaci\u00f3n en Terapias de Avanzada.<\/span><br \/>\n<span style=\"font-family: helvetica, arial, sans-serif;\">Co-directora de la filial Neuqu\u00e9n de Terapias de Avanzada y EMDRIA Latinoam\u00e9rica Asoc. Civil.<\/span><\/p>\n<\/div>\n","protected":false},"excerpt":{"rendered":"<p>Nombre:\u00a0D\u00edaz, Marta Susana \u2013 Dra. Pa\u00eds:\u00a0Argentina Provincia:\u00a0R\u00edo Negro Localidad o Ciudad:\u00a0San Carlos de Bariloche Tipo de T\u00e9cnica:\u00a0EMDR, TIC, BRAIN GYM Tel\u00e9fono:\u00a002944-15630444 Web:\u00a0www.loscerezosargentina.com.ar M\u00e9dica &#8211; Universidad Nacional de la Plata M\u00e9dica especialista en Psicolog\u00eda Cl\u00ednica &#8211; Pontificia Universidad Cat\u00f3lica Santa Mar\u00eda de los Buenos Aires Master of Liberal Arts in Culture and Spirituality, Holy Names University. &hellip;<\/p>\n<p class=\"read-more\"> <a class=\"\" href=\"https:\/\/www.terapiasdeavanzada.org\/web\/products\/diaz-marta-susana-dra\/\"> <span class=\"screen-reader-text\">D\u00edaz, Marta Susana \u2013 Dra.<\/span> Leer m\u00e1s &raquo;<\/a><\/p>\n","protected":false},"featured_media":1397,"template":"","meta":{"site-sidebar-layout":"default","site-content-layout":"default","ast-global-header-display":"","ast-banner-title-visibility":"","ast-main-header-display":"","ast-hfb-above-header-display":"","ast-hfb-below-header-display":"","ast-hfb-mobile-header-display":"","site-post-title":"","ast-breadcrumbs-content":"","ast-featured-img":"","footer-sml-layout":"","theme-transparent-header-meta":"","adv-header-id-meta":"","stick-header-meta":"","header-above-stick-meta":"","header-main-stick-meta":"","header-below-stick-meta":""},"al_product-cat":[90,204,195],"_links":{"self":[{"href":"https:\/\/www.terapiasdeavanzada.org\/web\/wp-json\/wp\/v2\/al_product\/848"}],"collection":[{"href":"https:\/\/www.terapiasdeavanzada.org\/web\/wp-json\/wp\/v2\/al_product"}],"about":[{"href":"https:\/\/www.terapiasdeavanzada.org\/web\/wp-json\/wp\/v2\/types\/al_product"}],"wp:featuredmedia":[{"embeddable":true,"href":"https:\/\/www.terapiasdeavanzada.org\/web\/wp-json\/wp\/v2\/media\/1397"}],"wp:attachment":[{"href":"https:\/\/www.terapiasdeavanzada.org\/web\/wp-json\/wp\/v2\/media?parent=848"}],"wp:term":[{"taxonomy":"al_product-cat","embeddable":true,"href":"https:\/\/www.terapiasdeavanzada.org\/web\/wp-json\/wp\/v2\/al_product-cat?post=848"}],"curies":[{"name":"wp","href":"https:\/\/api.w.org\/{rel}","templated":true}]}}

Díaz, Marta Susana – Dra.

<div class="wpbdp-field-display wpbdp-field wpbdp-field-value field-display field-value wpbdp-field-nombre wpbdp-field-title wpbdp-field-type-textfield wpbdp-field-association-title "><span style="font-family: helvetica, arial, sans-serif;"><label>Nombre: </label><span class="value"><a href="http://www.terapiasdeavanzada.org/listado-terapeutas/diaz-marta-susana-dra/" target="_self">Díaz, Marta Susana – Dra.</a></span></span></div>
<div class="wpbdp-field-display wpbdp-field wpbdp-field-value field-display field-value wpbdp-field-pais wpbdp-field-meta wpbdp-field-type-select wpbdp-field-association-meta "><span style="font-family: helvetica, arial, sans-serif;"><label>País: </label><span class="value">Argentina</span></span></div>
<div class="wpbdp-field-display wpbdp-field wpbdp-field-value field-display field-value wpbdp-field-provincia wpbdp-field-category wpbdp-field-type-select wpbdp-field-association-category "><span style="font-family: helvetica, arial, sans-serif;"><label>Provincia: </label><span class="value"><a href="http://www.terapiasdeavanzada.org/listado-terapeutas/terapeuta-tipo/rio-negro/" rel="tag">Río Negro</a></span></span></div>
<div class="wpbdp-field-display wpbdp-field wpbdp-field-value field-display field-value wpbdp-field-localidad_o_ciudad wpbdp-field-meta wpbdp-field-type-textfield wpbdp-field-association-meta "><span style="font-family: helvetica, arial, sans-serif;"><label>Localidad o Ciudad: </label><span class="value">San Carlos de Bariloche</span></span></div>
<div class="wpbdp-field-display wpbdp-field wpbdp-field-value field-display field-value wpbdp-field-tipo_de_tecnica wpbdp-field-meta wpbdp-field-type-multiselect wpbdp-field-association-meta "><span style="font-family: helvetica, arial, sans-serif;"><label>Tipo de Técnica: </label><span class="value">EMDR, TIC, BRAIN GYM</span></span></div>
<div class="wpbdp-field-display wpbdp-field wpbdp-field-value field-display field-value wpbdp-field-telefono wpbdp-field-meta wpbdp-field-type-textfield wpbdp-field-association-meta "><span style="font-family: helvetica, arial, sans-serif;"><label>Teléfono: </label><span class="value">02944-15630444</span></span></div>
<div class="wpbdp-field-display wpbdp-field wpbdp-field-value field-display field-value wpbdp-field-web wpbdp-field-meta wpbdp-field-type-url wpbdp-field-association-meta "><span style="font-family: helvetica, arial, sans-serif;"><label>Web: </label><span class="value"><a title="www.loscerezosargentina.com.ar" href="http://www.loscerezosargentina.com.ar/" target="_blank" rel="noopener">www.loscerezosargentina.com.ar</a></span></span></div>
<div></div>
<div>
<p><span style="font-family: helvetica, arial, sans-serif;">Médica &#8211; Universidad Nacional de la Plata</span><br />
<span style="font-family: helvetica, arial, sans-serif;">Médica especialista en Psicología Clínica &#8211; Pontificia Universidad Católica Santa María de los Buenos Aires</span><br />
<span style="font-family: helvetica, arial, sans-serif;">Master of Liberal Arts in Culture and Spirituality, Holy Names University.</span><br />
<span style="font-family: helvetica, arial, sans-serif;">Focusing Trainer en el Focusing Institute, New York.</span><br />
<span style="font-family: helvetica, arial, sans-serif;">En Milwaukee, Wisconsin, USA, cursó el Programa de Entrenadores en Técnicas de Modulación Emocional de Capacitar Internacional.</span><br />
<span style="font-family: helvetica, arial, sans-serif;">Cofundadora de “Los Cerezos Centro de Ecoespiritualidad” en la localidad de San Miguel, Provincia de Buenos Aires.</span><br />
<span style="font-family: helvetica, arial, sans-serif;">Representante de Capacitar Internacional en Argentina.</span><br />
<span style="font-family: helvetica, arial, sans-serif;">Trabaja como docente ofreciendo cursos y entrenamientos en Focusing y Capacitar en distintas ciudades del país.</span><br />
<span style="font-family: helvetica, arial, sans-serif;">Terapeuta y Facilitadora de EMDR.</span><br />
<span style="font-family: helvetica, arial, sans-serif;">Terapeuta en TIC<sup>®</sup> : Técnicas de Integración Cerebral<sup>®</sup> (Anteojos hemisféricos<sup>®</sup> y un ojo por Vez<sup>®</sup>)</span><br />
<span style="font-family: helvetica, arial, sans-serif;">Terapeuta en Auriculoterapia, Terapia del Sonido, Medicina Germánica, Biomagnetismo Médico y BQT (Bio-Quantum-Therapy)</span><br />
<span style="font-family: helvetica, arial, sans-serif;">Cofundadora del “Centro de Ecoespiritualidad Los Cerezos Sur” en Bariloche y del Instituto de Educación Superior Los Cerezos Sur en la Ciudad de Neuquén del cual es actualmente Representante Legal, Coordinadora de carreras y profesora a cargo del área de Neurociencias. Donde se dictan las carreras de Tecnicatura Superior en Consultoría Psicológica y de Tecnicatura Superior en Acompañamiento Terapéutico.</span><br />
<span style="font-family: helvetica, arial, sans-serif;">A  cargo del programa de especialización en Focusing aplicado al Psicotrauma de dicho Instituto.</span><br />
<span style="font-family: helvetica, arial, sans-serif;">Coordinadora del Programa Anual de Formación en Terapias de Avanzada.</span><br />
<span style="font-family: helvetica, arial, sans-serif;">Co-directora de la filial Neuquén de Terapias de Avanzada y EMDRIA Latinoamérica Asoc. Civil.</span></p>
</div>

<p>Nombre: Díaz, Marta Susana – Dra. País: Argentina Provincia: Río Negro Localidad o Ciudad: San Carlos de Bariloche Tipo de Técnica: EMDR, TIC, BRAIN GYM Teléfono: 02944-15630444 Web: www.loscerezosargentina.com.ar Médica &#8211; Universidad Nacional de la Plata Médica especialista en Psicología Clínica &#8211; Pontificia Universidad Católica Santa María de los Buenos Aires Master of Liberal Arts in Culture and Spirituality, Holy Names University. &hellip;</p>
<p class="read-more"> <a class="" href="https://www.terapiasdeavanzada.org/web/products/diaz-marta-susana-dra/"> <span class="screen-reader-text">Díaz, Marta Susana – Dra.</span> Leer más &raquo;</a></p>
