{"id":854,"date":"2018-08-08T18:53:04","date_gmt":"2018-08-08T21:53:04","guid":{"rendered":"http:\/\/www.terapiasdeavanzada.org\/web\/?post_type=al_product&#038;p=854"},"modified":"2019-10-09T14:50:25","modified_gmt":"2019-10-09T17:50:25","slug":"fliess-sara-elena-consultora-psicologica","status":"publish","type":"al_product","link":"https:\/\/www.terapiasdeavanzada.org\/web\/products\/fliess-sara-elena-consultora-psicologica\/","title":{"rendered":"Fliess, Sara Elena &#8211; Clor."},"content":{"rendered":"<div class=\"wpbdp-field-display wpbdp-field wpbdp-field-value field-display field-value wpbdp-field-nombre wpbdp-field-title wpbdp-field-type-textfield wpbdp-field-association-title \"><span style=\"font-family: helvetica, arial, sans-serif;\"><label>Nombre:\u00a0<\/label><span class=\"value\"><a href=\"http:\/\/www.terapiasdeavanzada.org\/listado-terapeutas\/fliess-sara-elena-consultora-psicologica\/\" target=\"_self\">Fliess, Sara Elena \u2013 Consultora Psicol\u00f3gica<\/a><\/span><\/span><\/div>\n<div class=\"wpbdp-field-display wpbdp-field wpbdp-field-value field-display field-value wpbdp-field-pais wpbdp-field-meta wpbdp-field-type-select wpbdp-field-association-meta \"><span style=\"font-family: helvetica, arial, sans-serif;\"><label>Pa\u00eds:<\/label><span class=\"value\">Argentina<\/span><\/span><\/div>\n<div class=\"wpbdp-field-display wpbdp-field wpbdp-field-value field-display field-value wpbdp-field-provincia wpbdp-field-category wpbdp-field-type-select wpbdp-field-association-category \"><span style=\"font-family: helvetica, arial, sans-serif;\"><label>Provincia:\u00a0<\/label><span class=\"value\"><a href=\"http:\/\/www.terapiasdeavanzada.org\/listado-terapeutas\/terapeuta-tipo\/rio-negro\/\" rel=\"tag\">R\u00edo Negro<\/a><\/span><\/span><\/div>\n<div class=\"wpbdp-field-display wpbdp-field wpbdp-field-value field-display field-value wpbdp-field-localidad_o_ciudad wpbdp-field-meta wpbdp-field-type-textfield wpbdp-field-association-meta \"><span style=\"font-family: helvetica, arial, sans-serif;\"><label>Localidad o Ciudad:\u00a0<\/label><span class=\"value\">San Carlos de Bariloche<\/span><\/span><\/div>\n<div class=\"wpbdp-field-display wpbdp-field wpbdp-field-value field-display field-value wpbdp-field-telefono wpbdp-field-meta wpbdp-field-type-textfield wpbdp-field-association-meta \"><span style=\"font-family: helvetica, arial, sans-serif;\"><label>Tel\u00e9fono:<\/label><span class=\"value\">02944-477147<\/span><\/span><\/div>\n<div class=\"wpbdp-field-display wpbdp-field wpbdp-field-value field-display field-value wpbdp-field-web wpbdp-field-meta wpbdp-field-type-url wpbdp-field-association-meta \"><span style=\"font-family: helvetica, arial, sans-serif;\"><label>Web:<\/label><span class=\"value\"><a title=\"www.loscerezosargentina.com.ar\" href=\"http:\/\/www.loscerezosargentina.com.ar\/\" target=\"_blank\" rel=\"noopener\">www.loscerezosargentina.com.ar<\/a><\/span><\/span><\/div>\n<div><\/div>\n<div>\n<p><span style=\"font-family: helvetica, arial, sans-serif;\">Formaci\u00f3n en Focusing Nivel 4 en California (2002) y el Programa de Entrenadora en T\u00e9cnicas de Modulaci\u00f3n Emocional de Capacitar Internacional en Milwaukee (2003).<\/span><br \/>\n<span style=\"font-family: helvetica, arial, sans-serif;\">En el a\u00f1o 2004 fue cofundadora junto a Marcela Fort\u00edn y Susana D\u00edaz de \u201cLos Cerezos Centro de Ecoespiritualidad\u201d en la localidad de San Miguel, Provincia de Buenos Aires.<\/span><br \/>\n<span style=\"font-family: helvetica, arial, sans-serif;\">Desde 2004\u00a0es representante de Capacitar Internacional en Argentina.<\/span><br \/>\n<span style=\"font-family: helvetica, arial, sans-serif;\">En 2007 obtuvo el t\u00edtulo de Counselor en el Instituto de Counseling Espiritual en la ciudad de Buenos Aires y realiz\u00f3 la especializaci\u00f3n en Consultor\u00eda Pastoral.\u00a0<\/span><br \/>\n<span style=\"font-family: helvetica, arial, sans-serif;\">Luego se desempe\u00f1\u00f3 como docente en varios Institutos de Counseling de dicha ciudad.<\/span><br \/>\n<span style=\"font-family: helvetica, arial, sans-serif;\">\u200bDesde el a\u00f1o 2007 transit\u00f3 las diversas formaciones del Centro de Terapias de Avanzada de la ciudad de Buenos Aires y desde entonces\u00a0 se desempe\u00f1a\u00a0 como\u00a0 Terapeuta EMDR.<\/span><br \/>\n<span style=\"font-family: helvetica, arial, sans-serif;\">Realiz\u00f3 tambi\u00e9n la formaci\u00f3n b\u00e1sica en Brain Gym y en Sanaci\u00f3n Reconectiva.<\/span><br \/>\n<span style=\"font-family: helvetica, arial, sans-serif;\">\u200bEn la Patagonia Argentina comenz\u00f3 en el a\u00f1o 2008 junto a Marcela Fort\u00edn y Susana D\u00edaz el \u201cCentro de Ecoespiritualidad Los Cerezos Sur\u201d en Bariloche<\/span><br \/>\n<span style=\"font-family: helvetica, arial, sans-serif;\">En el 2011 crean el Instituto de Educaci\u00f3n Superior Los Cerezos Sur en la Ciudad del Neuqu\u00e9n, del cual es actualmente directora y profesora de las carreras de: Tecnicatura Superior en Consultor\u00eda Psicol\u00f3gica y Tecnicatura Superior en Acompa\u00f1amiento Terap\u00e9utico.<\/span><br \/>\n<span style=\"font-family: helvetica, arial, sans-serif;\">\u00a0Es codirectora de la filial Neuqu\u00e9n de Terapias de Avanzada y Facilitadora de EMDR Internacional, participando en la coordinaci\u00f3n del Programa Anual en Terapias de Avanzada en la Patagonia Argentina.<\/span><\/p>\n<p>&nbsp;<\/p>\n<\/div>\n","protected":false},"excerpt":{"rendered":"<p>Nombre:\u00a0Fliess, Sara Elena \u2013 Consultora Psicol\u00f3gica Pa\u00eds:Argentina Provincia:\u00a0R\u00edo Negro Localidad o Ciudad:\u00a0San Carlos de Bariloche Tel\u00e9fono:02944-477147 Web:www.loscerezosargentina.com.ar Formaci\u00f3n en Focusing Nivel 4 en California (2002) y el Programa de Entrenadora en T\u00e9cnicas de Modulaci\u00f3n Emocional de Capacitar Internacional en Milwaukee (2003). En el a\u00f1o 2004 fue cofundadora junto a Marcela Fort\u00edn y Susana D\u00edaz de &hellip;<\/p>\n<p class=\"read-more\"> <a class=\"\" href=\"https:\/\/www.terapiasdeavanzada.org\/web\/products\/fliess-sara-elena-consultora-psicologica\/\"> <span class=\"screen-reader-text\">Fliess, Sara Elena &#8211; Clor.<\/span> Leer m\u00e1s &raquo;<\/a><\/p>\n","protected":false},"featured_media":1396,"template":"","meta":{"site-sidebar-layout":"default","site-content-layout":"default","ast-global-header-display":"","ast-banner-title-visibility":"","ast-main-header-display":"","ast-hfb-above-header-display":"","ast-hfb-below-header-display":"","ast-hfb-mobile-header-display":"","site-post-title":"","ast-breadcrumbs-content":"","ast-featured-img":"","footer-sml-layout":"","theme-transparent-header-meta":"","adv-header-id-meta":"","stick-header-meta":"","header-above-stick-meta":"","header-main-stick-meta":"","header-below-stick-meta":""},"al_product-cat":[90,204,195],"_links":{"self":[{"href":"https:\/\/www.terapiasdeavanzada.org\/web\/wp-json\/wp\/v2\/al_product\/854"}],"collection":[{"href":"https:\/\/www.terapiasdeavanzada.org\/web\/wp-json\/wp\/v2\/al_product"}],"about":[{"href":"https:\/\/www.terapiasdeavanzada.org\/web\/wp-json\/wp\/v2\/types\/al_product"}],"wp:featuredmedia":[{"embeddable":true,"href":"https:\/\/www.terapiasdeavanzada.org\/web\/wp-json\/wp\/v2\/media\/1396"}],"wp:attachment":[{"href":"https:\/\/www.terapiasdeavanzada.org\/web\/wp-json\/wp\/v2\/media?parent=854"}],"wp:term":[{"taxonomy":"al_product-cat","embeddable":true,"href":"https:\/\/www.terapiasdeavanzada.org\/web\/wp-json\/wp\/v2\/al_product-cat?post=854"}],"curies":[{"name":"wp","href":"https:\/\/api.w.org\/{rel}","templated":true}]}}

<div class="wpbdp-field-display wpbdp-field wpbdp-field-value field-display field-value wpbdp-field-nombre wpbdp-field-title wpbdp-field-type-textfield wpbdp-field-association-title "><span style="font-family: helvetica, arial, sans-serif;"><label>Nombre: </label><span class="value"><a href="http://www.terapiasdeavanzada.org/listado-terapeutas/fliess-sara-elena-consultora-psicologica/" target="_self">Fliess, Sara Elena – Consultora Psicológica</a></span></span></div>
<div class="wpbdp-field-display wpbdp-field wpbdp-field-value field-display field-value wpbdp-field-pais wpbdp-field-meta wpbdp-field-type-select wpbdp-field-association-meta "><span style="font-family: helvetica, arial, sans-serif;"><label>País:</label><span class="value">Argentina</span></span></div>
<div class="wpbdp-field-display wpbdp-field wpbdp-field-value field-display field-value wpbdp-field-provincia wpbdp-field-category wpbdp-field-type-select wpbdp-field-association-category "><span style="font-family: helvetica, arial, sans-serif;"><label>Provincia: </label><span class="value"><a href="http://www.terapiasdeavanzada.org/listado-terapeutas/terapeuta-tipo/rio-negro/" rel="tag">Río Negro</a></span></span></div>
<div class="wpbdp-field-display wpbdp-field wpbdp-field-value field-display field-value wpbdp-field-localidad_o_ciudad wpbdp-field-meta wpbdp-field-type-textfield wpbdp-field-association-meta "><span style="font-family: helvetica, arial, sans-serif;"><label>Localidad o Ciudad: </label><span class="value">San Carlos de Bariloche</span></span></div>
<div class="wpbdp-field-display wpbdp-field wpbdp-field-value field-display field-value wpbdp-field-telefono wpbdp-field-meta wpbdp-field-type-textfield wpbdp-field-association-meta "><span style="font-family: helvetica, arial, sans-serif;"><label>Teléfono:</label><span class="value">02944-477147</span></span></div>
<div class="wpbdp-field-display wpbdp-field wpbdp-field-value field-display field-value wpbdp-field-web wpbdp-field-meta wpbdp-field-type-url wpbdp-field-association-meta "><span style="font-family: helvetica, arial, sans-serif;"><label>Web:</label><span class="value"><a title="www.loscerezosargentina.com.ar" href="http://www.loscerezosargentina.com.ar/" target="_blank" rel="noopener">www.loscerezosargentina.com.ar</a></span></span></div>
<div></div>
<div>
<p><span style="font-family: helvetica, arial, sans-serif;">Formación en Focusing Nivel 4 en California (2002) y el Programa de Entrenadora en Técnicas de Modulación Emocional de Capacitar Internacional en Milwaukee (2003).</span><br />
<span style="font-family: helvetica, arial, sans-serif;">En el año 2004 fue cofundadora junto a Marcela Fortín y Susana Díaz de “Los Cerezos Centro de Ecoespiritualidad” en la localidad de San Miguel, Provincia de Buenos Aires.</span><br />
<span style="font-family: helvetica, arial, sans-serif;">Desde 2004 es representante de Capacitar Internacional en Argentina.</span><br />
<span style="font-family: helvetica, arial, sans-serif;">En 2007 obtuvo el título de Counselor en el Instituto de Counseling Espiritual en la ciudad de Buenos Aires y realizó la especialización en Consultoría Pastoral. </span><br />
<span style="font-family: helvetica, arial, sans-serif;">Luego se desempeñó como docente en varios Institutos de Counseling de dicha ciudad.</span><br />
<span style="font-family: helvetica, arial, sans-serif;">​Desde el año 2007 transitó las diversas formaciones del Centro de Terapias de Avanzada de la ciudad de Buenos Aires y desde entonces  se desempeña  como  Terapeuta EMDR.</span><br />
<span style="font-family: helvetica, arial, sans-serif;">Realizó también la formación básica en Brain Gym y en Sanación Reconectiva.</span><br />
<span style="font-family: helvetica, arial, sans-serif;">​En la Patagonia Argentina comenzó en el año 2008 junto a Marcela Fortín y Susana Díaz el “Centro de Ecoespiritualidad Los Cerezos Sur” en Bariloche</span><br />
<span style="font-family: helvetica, arial, sans-serif;">En el 2011 crean el Instituto de Educación Superior Los Cerezos Sur en la Ciudad del Neuquén, del cual es actualmente directora y profesora de las carreras de: Tecnicatura Superior en Consultoría Psicológica y Tecnicatura Superior en Acompañamiento Terapéutico.</span><br />
<span style="font-family: helvetica, arial, sans-serif;"> Es codirectora de la filial Neuquén de Terapias de Avanzada y Facilitadora de EMDR Internacional, participando en la coordinación del Programa Anual en Terapias de Avanzada en la Patagonia Argentina.</span></p>
<p>&nbsp;</p>
</div>

<p>Nombre: Fliess, Sara Elena – Consultora Psicológica País:Argentina Provincia: Río Negro Localidad o Ciudad: San Carlos de Bariloche Teléfono:02944-477147 Web:www.loscerezosargentina.com.ar Formación en Focusing Nivel 4 en California (2002) y el Programa de Entrenadora en Técnicas de Modulación Emocional de Capacitar Internacional en Milwaukee (2003). En el año 2004 fue cofundadora junto a Marcela Fortín y Susana Díaz de &hellip;</p>
<p class="read-more"> <a class="" href="https://www.terapiasdeavanzada.org/web/products/fliess-sara-elena-consultora-psicologica/"> <span class="screen-reader-text">Fliess, Sara Elena &#8211; Clor.</span> Leer más &raquo;</a></p>
