{"id":891,"date":"2018-08-08T20:09:09","date_gmt":"2018-08-08T23:09:09","guid":{"rendered":"http:\/\/www.terapiasdeavanzada.org\/web\/?post_type=al_product&#038;p=891"},"modified":"2018-08-23T18:43:12","modified_gmt":"2018-08-23T21:43:12","slug":"solvey-sergio-dr","status":"publish","type":"al_product","link":"https:\/\/www.terapiasdeavanzada.org\/web\/products\/solvey-sergio-dr\/","title":{"rendered":"Solvey, Sergio \u2013 Dr."},"content":{"rendered":"<div class=\"wpbdp-field-display wpbdp-field wpbdp-field-value field-display field-value wpbdp-field-pais wpbdp-field-meta wpbdp-field-type-select wpbdp-field-association-meta \"><span style=\"font-family: helvetica, arial, sans-serif;\"><label>Pa\u00eds:\u00a0<\/label><span class=\"value\">Argentina<\/span><\/span><\/div>\n<div class=\"wpbdp-field-display wpbdp-field wpbdp-field-value field-display field-value wpbdp-field-provincia wpbdp-field-category wpbdp-field-type-select wpbdp-field-association-category \"><span style=\"font-family: helvetica, arial, sans-serif;\"><label>Provincia:\u00a0<\/label><span class=\"value\"><a href=\"http:\/\/www.terapiasdeavanzada.org\/listado-terapeutas\/terapeuta-tipo\/capital-federal\/\" rel=\"tag\">Capital Federal<\/a><\/span><\/span><\/div>\n<div class=\"wpbdp-field-display wpbdp-field wpbdp-field-value field-display field-value wpbdp-field-localidad_o_ciudad wpbdp-field-meta wpbdp-field-type-textfield wpbdp-field-association-meta \"><span style=\"font-family: helvetica, arial, sans-serif;\"><label>Localidad o Ciudad:\u00a0<\/label><span class=\"value\">Belgrano<\/span><\/span><\/div>\n<div class=\"wpbdp-field-display wpbdp-field wpbdp-field-value field-display field-value wpbdp-field-tipo_de_tecnica wpbdp-field-meta wpbdp-field-type-multiselect wpbdp-field-association-meta \"><span style=\"font-family: helvetica, arial, sans-serif;\"><label>Tipo de T\u00e9cnica:\u00a0<\/label><span class=\"value\">EMDR, TIC, EFT<\/span><\/span><\/div>\n<div class=\"wpbdp-field-display wpbdp-field wpbdp-field-value field-display field-value wpbdp-field-celular wpbdp-field-meta wpbdp-field-type-textfield wpbdp-field-association-meta \"><span style=\"font-family: helvetica, arial, sans-serif;\"><label>Celular:\u00a0<\/label><span class=\"value\">15-4172-3047<\/span><\/span><\/div>\n<div class=\"wpbdp-field-display wpbdp-field wpbdp-field-value field-display field-value wpbdp-field-especialidad wpbdp-field-meta wpbdp-field-type-textfield wpbdp-field-association-meta \"><span style=\"font-family: helvetica, arial, sans-serif;\"><label>Especialidad:\u00a0<\/label><\/span><span class=\"value\"><span class=\"value\"><span style=\"font-family: helvetica, arial, sans-serif;\">Adultos &#8211; Adolescentes &#8211; Psicosis -Trastornos de Ansiedad &#8211; Trastorno de Personalidad &#8211; Ataque de P\u00e1nico &#8211; TOC<\/span><\/p>\n<p><\/span><\/span><span style=\"font-family: helvetica, arial, sans-serif;\">M\u00e9dico Psiquiatra \u2013 UBA<\/span><br \/>\n<span style=\"font-family: helvetica, arial, sans-serif;\">Facilitador de EMDR del EMDR Institute, Inc. USA<\/span><br \/>\n<span style=\"font-family: helvetica, arial, sans-serif;\">Terapeuta Certificado de TIC \/EFT<\/span><br \/>\n<span style=\"font-family: helvetica, arial, sans-serif;\">Docente de la Escuela de Counseling Holos PEAC (Bs Aires)\u00a0 en Personalidad Anormal desde 2013.<\/span><br \/>\n<span style=\"font-family: helvetica, arial, sans-serif;\">Socio fundador de EMDRIA Latinoam\u00e9rica.<\/span><br \/>\n<span style=\"font-family: helvetica, arial, sans-serif;\">M\u00e9dico Interno de Cl\u00ednica Psiqui\u00e1trica Emanu-El (Bs Aires) de 2000 hasta 2009.<\/span><br \/>\n<span style=\"font-family: helvetica, arial, sans-serif;\">M\u00e9dico sub-director a cargo de la direcci\u00f3n Cl\u00ednica Psiqui\u00e1trica Emanu-El (Bs. Aires)\u00a0 2007 a 2009.<\/span><br \/>\n<span style=\"font-family: helvetica, arial, sans-serif;\">M\u00e9dico de Planta de Sanatorio de U.O.M. (Bs. Aires) 2006 a 2007.<\/span><br \/>\n<span style=\"font-family: helvetica, arial, sans-serif;\">Concurrencia de Neurolog\u00eda en Hospital Durand (Bs. Aires) desde 2003 hasta 2007.<\/span><br \/>\n<span style=\"font-family: helvetica, arial, sans-serif;\">Docencia de Psiquiatr\u00eda en Hospital de Cl\u00ednicas (Bs. Aires) de 1998 hasta 2001.<\/span><br \/>\n<span style=\"font-family: helvetica, arial, sans-serif;\">Docencia de Neurolog\u00eda en Hospital Durand (Bs. Aires) de 2003 hasta 2007.<\/span><br \/>\n<span style=\"font-family: helvetica, arial, sans-serif;\">Premio Vidal Acta al residente 2000 (Al mejor Proyecto de Investigaci\u00f3n Cient\u00edfica en Acciones a Ejecutar en el Campo de la Salud Mental y su Correlato Cl\u00ednico)<\/span><br \/>\n<span style=\"font-family: helvetica, arial, sans-serif;\">Menci\u00f3n Especial. 04\/12\/2000 en el IV Curso de Depresi\u00f3n en Adolescencia y Juventud. 4 y 5 de abril de 1997. Academia Nacional de Medicina por el trabajo Titulado: \u201cRelaci\u00f3n entre Trastorno por estr\u00e9s post traum\u00e1tico y Ataque de P\u00e1nico\u201d.\u00a0<\/span><\/p>\n<\/div>\n","protected":false},"excerpt":{"rendered":"<p>Pa\u00eds:\u00a0Argentina Provincia:\u00a0Capital Federal Localidad o Ciudad:\u00a0Belgrano Tipo de T\u00e9cnica:\u00a0EMDR, TIC, EFT Celular:\u00a015-4172-3047 Especialidad:\u00a0Adultos &#8211; Adolescentes &#8211; Psicosis -Trastornos de Ansiedad &#8211; Trastorno de Personalidad &#8211; Ataque de P\u00e1nico &#8211; TOC M\u00e9dico Psiquiatra \u2013 UBA Facilitador de EMDR del EMDR Institute, Inc. USA Terapeuta Certificado de TIC \/EFT Docente de la Escuela de Counseling Holos PEAC &hellip;<\/p>\n<p class=\"read-more\"> <a class=\"\" href=\"https:\/\/www.terapiasdeavanzada.org\/web\/products\/solvey-sergio-dr\/\"> <span class=\"screen-reader-text\">Solvey, Sergio \u2013 Dr.<\/span> Leer m\u00e1s &raquo;<\/a><\/p>\n","protected":false},"featured_media":892,"template":"","meta":{"site-sidebar-layout":"default","site-content-layout":"default","ast-global-header-display":"","ast-banner-title-visibility":"","ast-main-header-display":"","ast-hfb-above-header-display":"","ast-hfb-below-header-display":"","ast-hfb-mobile-header-display":"","site-post-title":"","ast-breadcrumbs-content":"","ast-featured-img":"","footer-sml-layout":"","theme-transparent-header-meta":"","adv-header-id-meta":"","stick-header-meta":"","header-above-stick-meta":"","header-main-stick-meta":"","header-below-stick-meta":""},"al_product-cat":[90,152,172],"_links":{"self":[{"href":"https:\/\/www.terapiasdeavanzada.org\/web\/wp-json\/wp\/v2\/al_product\/891"}],"collection":[{"href":"https:\/\/www.terapiasdeavanzada.org\/web\/wp-json\/wp\/v2\/al_product"}],"about":[{"href":"https:\/\/www.terapiasdeavanzada.org\/web\/wp-json\/wp\/v2\/types\/al_product"}],"wp:featuredmedia":[{"embeddable":true,"href":"https:\/\/www.terapiasdeavanzada.org\/web\/wp-json\/wp\/v2\/media\/892"}],"wp:attachment":[{"href":"https:\/\/www.terapiasdeavanzada.org\/web\/wp-json\/wp\/v2\/media?parent=891"}],"wp:term":[{"taxonomy":"al_product-cat","embeddable":true,"href":"https:\/\/www.terapiasdeavanzada.org\/web\/wp-json\/wp\/v2\/al_product-cat?post=891"}],"curies":[{"name":"wp","href":"https:\/\/api.w.org\/{rel}","templated":true}]}}

<div class="wpbdp-field-display wpbdp-field wpbdp-field-value field-display field-value wpbdp-field-pais wpbdp-field-meta wpbdp-field-type-select wpbdp-field-association-meta "><span style="font-family: helvetica, arial, sans-serif;"><label>País: </label><span class="value">Argentina</span></span></div>
<div class="wpbdp-field-display wpbdp-field wpbdp-field-value field-display field-value wpbdp-field-provincia wpbdp-field-category wpbdp-field-type-select wpbdp-field-association-category "><span style="font-family: helvetica, arial, sans-serif;"><label>Provincia: </label><span class="value"><a href="http://www.terapiasdeavanzada.org/listado-terapeutas/terapeuta-tipo/capital-federal/" rel="tag">Capital Federal</a></span></span></div>
<div class="wpbdp-field-display wpbdp-field wpbdp-field-value field-display field-value wpbdp-field-localidad_o_ciudad wpbdp-field-meta wpbdp-field-type-textfield wpbdp-field-association-meta "><span style="font-family: helvetica, arial, sans-serif;"><label>Localidad o Ciudad: </label><span class="value">Belgrano</span></span></div>
<div class="wpbdp-field-display wpbdp-field wpbdp-field-value field-display field-value wpbdp-field-tipo_de_tecnica wpbdp-field-meta wpbdp-field-type-multiselect wpbdp-field-association-meta "><span style="font-family: helvetica, arial, sans-serif;"><label>Tipo de Técnica: </label><span class="value">EMDR, TIC, EFT</span></span></div>
<div class="wpbdp-field-display wpbdp-field wpbdp-field-value field-display field-value wpbdp-field-celular wpbdp-field-meta wpbdp-field-type-textfield wpbdp-field-association-meta "><span style="font-family: helvetica, arial, sans-serif;"><label>Celular: </label><span class="value">15-4172-3047</span></span></div>
<div class="wpbdp-field-display wpbdp-field wpbdp-field-value field-display field-value wpbdp-field-especialidad wpbdp-field-meta wpbdp-field-type-textfield wpbdp-field-association-meta "><span style="font-family: helvetica, arial, sans-serif;"><label>Especialidad: </label></span><span class="value"><span class="value"><span style="font-family: helvetica, arial, sans-serif;">Adultos &#8211; Adolescentes &#8211; Psicosis -Trastornos de Ansiedad &#8211; Trastorno de Personalidad &#8211; Ataque de Pánico &#8211; TOC</span></p>
<p></span></span><span style="font-family: helvetica, arial, sans-serif;">Médico Psiquiatra – UBA</span><br />
<span style="font-family: helvetica, arial, sans-serif;">Facilitador de EMDR del EMDR Institute, Inc. USA</span><br />
<span style="font-family: helvetica, arial, sans-serif;">Terapeuta Certificado de TIC /EFT</span><br />
<span style="font-family: helvetica, arial, sans-serif;">Docente de la Escuela de Counseling Holos PEAC (Bs Aires)  en Personalidad Anormal desde 2013.</span><br />
<span style="font-family: helvetica, arial, sans-serif;">Socio fundador de EMDRIA Latinoamérica.</span><br />
<span style="font-family: helvetica, arial, sans-serif;">Médico Interno de Clínica Psiquiátrica Emanu-El (Bs Aires) de 2000 hasta 2009.</span><br />
<span style="font-family: helvetica, arial, sans-serif;">Médico sub-director a cargo de la dirección Clínica Psiquiátrica Emanu-El (Bs. Aires)  2007 a 2009.</span><br />
<span style="font-family: helvetica, arial, sans-serif;">Médico de Planta de Sanatorio de U.O.M. (Bs. Aires) 2006 a 2007.</span><br />
<span style="font-family: helvetica, arial, sans-serif;">Concurrencia de Neurología en Hospital Durand (Bs. Aires) desde 2003 hasta 2007.</span><br />
<span style="font-family: helvetica, arial, sans-serif;">Docencia de Psiquiatría en Hospital de Clínicas (Bs. Aires) de 1998 hasta 2001.</span><br />
<span style="font-family: helvetica, arial, sans-serif;">Docencia de Neurología en Hospital Durand (Bs. Aires) de 2003 hasta 2007.</span><br />
<span style="font-family: helvetica, arial, sans-serif;">Premio Vidal Acta al residente 2000 (Al mejor Proyecto de Investigación Científica en Acciones a Ejecutar en el Campo de la Salud Mental y su Correlato Clínico)</span><br />
<span style="font-family: helvetica, arial, sans-serif;">Mención Especial. 04/12/2000 en el IV Curso de Depresión en Adolescencia y Juventud. 4 y 5 de abril de 1997. Academia Nacional de Medicina por el trabajo Titulado: “Relación entre Trastorno por estrés post traumático y Ataque de Pánico”. </span></p>
</div>

<p>País: Argentina Provincia: Capital Federal Localidad o Ciudad: Belgrano Tipo de Técnica: EMDR, TIC, EFT Celular: 15-4172-3047 Especialidad: Adultos &#8211; Adolescentes &#8211; Psicosis -Trastornos de Ansiedad &#8211; Trastorno de Personalidad &#8211; Ataque de Pánico &#8211; TOC Médico Psiquiatra – UBA Facilitador de EMDR del EMDR Institute, Inc. USA Terapeuta Certificado de TIC /EFT Docente de la Escuela de Counseling Holos PEAC &hellip;</p>
<p class="read-more"> <a class="" href="https://www.terapiasdeavanzada.org/web/products/solvey-sergio-dr/"> <span class="screen-reader-text">Solvey, Sergio – Dr.</span> Leer más &raquo;</a></p>
