{"id":893,"date":"2018-08-08T20:11:50","date_gmt":"2018-08-08T23:11:50","guid":{"rendered":"http:\/\/www.terapiasdeavanzada.org\/web\/?post_type=al_product&#038;p=893"},"modified":"2019-10-22T15:27:02","modified_gmt":"2019-10-22T18:27:02","slug":"spinelli-liliana-lic","status":"publish","type":"al_product","link":"https:\/\/www.terapiasdeavanzada.org\/web\/products\/spinelli-liliana-lic\/","title":{"rendered":"Spinelli, Liliana \u2013 Psic."},"content":{"rendered":"<div class=\"wpbdp-field-display wpbdp-field wpbdp-field-value field-display field-value wpbdp-field-pais wpbdp-field-meta wpbdp-field-type-select wpbdp-field-association-meta \"><span style=\"font-family: helvetica, arial, sans-serif;\"><label>Pa\u00eds:<\/label><span class=\"value\">Argentina<\/span><\/span><\/div>\n<div class=\"wpbdp-field-display wpbdp-field wpbdp-field-value field-display field-value wpbdp-field-provincia wpbdp-field-category wpbdp-field-type-select wpbdp-field-association-category \"><span style=\"font-family: helvetica, arial, sans-serif;\"><label>Provincia:<\/label><span class=\"value\"><a href=\"http:\/\/www.terapiasdeavanzada.org\/listado-terapeutas\/terapeuta-tipo\/santa-fe\/\" rel=\"tag\">Santa Fe<\/a><\/span><\/span><\/div>\n<div class=\"wpbdp-field-display wpbdp-field wpbdp-field-value field-display field-value wpbdp-field-localidad_o_ciudad wpbdp-field-meta wpbdp-field-type-textfield wpbdp-field-association-meta \"><span style=\"font-family: helvetica, arial, sans-serif;\"><label>Ciudad:<\/label><span class=\"value\">Rosario<\/span><\/span><\/div>\n<div class=\"wpbdp-field-display wpbdp-field wpbdp-field-value field-display field-value wpbdp-field-tipo_de_tecnica wpbdp-field-meta wpbdp-field-type-multiselect wpbdp-field-association-meta \"><span style=\"font-family: helvetica, arial, sans-serif;\"><label>Tipo de T\u00e9cnica: EMDR &#8211; TIC &#8211; EFT &#8211; CROMO-PSICOTERAPIA &#8211; PET &#8211; AURICULOTERAPIA &#8211; ESCENA FUNDANTE<\/label><\/span><\/div>\n<div class=\"wpbdp-field-display wpbdp-field wpbdp-field-value field-display field-value wpbdp-field-telefono wpbdp-field-meta wpbdp-field-type-textfield wpbdp-field-association-meta \"><span style=\"font-family: helvetica, arial, sans-serif;\"><label>Tel\u00e9fono:\u00a00341-155-108-383<\/label><\/span><\/div>\n<div class=\"wpbdp-field-display wpbdp-field wpbdp-field-value field-display field-value wpbdp-field-especialidad wpbdp-field-meta wpbdp-field-type-textfield wpbdp-field-association-meta \"><span style=\"font-family: helvetica, arial, sans-serif;\"><label>Especialidad:<\/label><span class=\"value\">Adolescentes &#8211; Adultos &#8211; Parejas &#8211; Familia &#8211; Adicciones<\/span><\/span><\/div>\n<div><\/div>\n<div><span style=\"font-family: helvetica, arial, sans-serif;\">CV:<br \/>\n<\/span><span style=\"font-family: helvetica, arial, sans-serif;\">Psic\u00f3loga &#8211; UNR. 1983<br \/>\n<\/span><span style=\"font-family: helvetica, arial, sans-serif;\">Terapeuta Familiar Sist\u00e9mica CETEFA -1988.<br \/>\n<\/span><span style=\"font-family: helvetica, arial, sans-serif;\">Docente C\u00e1tedra T\u00e9cnicas Proyectivas de la Personalidad. \u00a0Escuela Superior de Psicolog\u00eda Facultad de Humanidades y Artes. UNR. 1978\/84<br \/>\n<\/span><span style=\"font-family: helvetica, arial, sans-serif;\">Psic\u00f3loga Gabinete de Terapia familiar del Hosp. Psiqui\u00e1trico Dr. \u00c1vila. Psiquiatr\u00eda de Adultos. UNR.1983\/1995<br \/>\n<\/span><span style=\"font-family: helvetica, arial, sans-serif;\">Practitioner en Programaci\u00f3n Neuroling\u00fc\u00edstica. Escuela Argentina de programaci\u00f3n Neuroling\u00fc\u00edstica Bs. As. 1993.<br \/>\n<\/span><span style=\"font-family: helvetica, arial, sans-serif;\">Certificaci\u00f3n en Adicciones. Universidad de Miami. EEUU 1996<br \/>\n<\/span><span style=\"font-family: helvetica, arial, sans-serif;\">Certificaci\u00f3n en Terapia Grupal. Universidad de Miami. EEUU 1997<br \/>\n<\/span><span style=\"font-family: helvetica, arial, sans-serif;\">Directora Asociada de \u201cLa Quinta, Medio Camino A Casa\u201d Centro de Recuperaci\u00f3n y Rehabilitaci\u00f3n de Drogadependientes. Modelo Minnesota. Parque Leloir. Bs. As. 1991\/97<br \/>\n<\/span><span style=\"font-family: helvetica, arial, sans-serif;\">Directora Asociada de \u201cCasa Lourdes\u201d. Hospital de D\u00eda. Programa de Recuperaci\u00f3n de Drogadependientes. Modelo Minnesota. Rosario 1992\/99<br \/>\n<\/span><span style=\"font-family: helvetica, arial, sans-serif;\">Coordinadora de talleres grupales para Adolescentes. Centro de d\u00eda Los Puentes Red Psicoterap\u00e9utica. Rosario 1997\/2010<br \/>\n<\/span><span style=\"font-family: helvetica, arial, sans-serif;\">Terapeuta de Terapias de Avanzada: (formaci\u00f3n completa):\u00a0<\/span><span style=\"font-family: helvetica, arial, sans-serif;\">EMDR, TIC (T\u00e9cnicas de Integraci\u00f3n Cerebral) T\u00e9cnica de los Anteojos Hemisf\u00e9ricos y T\u00e9cnica de Un ojo por Vez, EFT, Escena Fundante, PET. Cromoterapia, Auriculoterapia.<br \/>\nReimpronta matricial<br \/>\n<\/span><span style=\"font-family: helvetica, arial, sans-serif;\">Docente co-cordinadora en la Diplomatura Consejer\u00eda en Dependencias Qu\u00edmicas, Modelo Minnesota. UAI. Rosario. 2007\/9<br \/>\n<\/span><span style=\"font-family: helvetica, arial, sans-serif;\">Co-cordinadora docente del Instituto de Familia y Pareja del Colegio de Psic\u00f3logos de la 2da. Circunscripci\u00f3n de la Prov. De Santa Fe. Actualidad<br \/>\n<\/span><span style=\"font-family: helvetica, arial, sans-serif;\">Docente de la Carrera de Especializaci\u00f3n de Psiquiatr\u00eda Facultad de Ciencias M\u00e9dicas de la UNR.2010\/actual.<\/span><\/div>\n","protected":false},"excerpt":{"rendered":"<p>Pa\u00eds:Argentina Provincia:Santa Fe Ciudad:Rosario Tipo de T\u00e9cnica: EMDR &#8211; TIC &#8211; EFT &#8211; CROMO-PSICOTERAPIA &#8211; PET &#8211; AURICULOTERAPIA &#8211; ESCENA FUNDANTE Tel\u00e9fono:\u00a00341-155-108-383 Especialidad:Adolescentes &#8211; Adultos &#8211; Parejas &#8211; Familia &#8211; Adicciones CV: Psic\u00f3loga &#8211; UNR. 1983 Terapeuta Familiar Sist\u00e9mica CETEFA -1988. Docente C\u00e1tedra T\u00e9cnicas Proyectivas de la Personalidad. \u00a0Escuela Superior de Psicolog\u00eda Facultad de Humanidades &hellip;<\/p>\n<p class=\"read-more\"> <a class=\"\" href=\"https:\/\/www.terapiasdeavanzada.org\/web\/products\/spinelli-liliana-lic\/\"> <span class=\"screen-reader-text\">Spinelli, Liliana \u2013 Psic.<\/span> Leer m\u00e1s &raquo;<\/a><\/p>\n","protected":false},"featured_media":1419,"template":"","meta":{"site-sidebar-layout":"default","site-content-layout":"default","ast-global-header-display":"","ast-banner-title-visibility":"","ast-main-header-display":"","ast-hfb-above-header-display":"","ast-hfb-below-header-display":"","ast-hfb-mobile-header-display":"","site-post-title":"","ast-breadcrumbs-content":"","ast-featured-img":"","footer-sml-layout":"","theme-transparent-header-meta":"","adv-header-id-meta":"","stick-header-meta":"","header-above-stick-meta":"","header-main-stick-meta":"","header-below-stick-meta":""},"al_product-cat":[90,167,168],"_links":{"self":[{"href":"https:\/\/www.terapiasdeavanzada.org\/web\/wp-json\/wp\/v2\/al_product\/893"}],"collection":[{"href":"https:\/\/www.terapiasdeavanzada.org\/web\/wp-json\/wp\/v2\/al_product"}],"about":[{"href":"https:\/\/www.terapiasdeavanzada.org\/web\/wp-json\/wp\/v2\/types\/al_product"}],"wp:featuredmedia":[{"embeddable":true,"href":"https:\/\/www.terapiasdeavanzada.org\/web\/wp-json\/wp\/v2\/media\/1419"}],"wp:attachment":[{"href":"https:\/\/www.terapiasdeavanzada.org\/web\/wp-json\/wp\/v2\/media?parent=893"}],"wp:term":[{"taxonomy":"al_product-cat","embeddable":true,"href":"https:\/\/www.terapiasdeavanzada.org\/web\/wp-json\/wp\/v2\/al_product-cat?post=893"}],"curies":[{"name":"wp","href":"https:\/\/api.w.org\/{rel}","templated":true}]}}

<div class="wpbdp-field-display wpbdp-field wpbdp-field-value field-display field-value wpbdp-field-pais wpbdp-field-meta wpbdp-field-type-select wpbdp-field-association-meta "><span style="font-family: helvetica, arial, sans-serif;"><label>País:</label><span class="value">Argentina</span></span></div>
<div class="wpbdp-field-display wpbdp-field wpbdp-field-value field-display field-value wpbdp-field-provincia wpbdp-field-category wpbdp-field-type-select wpbdp-field-association-category "><span style="font-family: helvetica, arial, sans-serif;"><label>Provincia:</label><span class="value"><a href="http://www.terapiasdeavanzada.org/listado-terapeutas/terapeuta-tipo/santa-fe/" rel="tag">Santa Fe</a></span></span></div>
<div class="wpbdp-field-display wpbdp-field wpbdp-field-value field-display field-value wpbdp-field-localidad_o_ciudad wpbdp-field-meta wpbdp-field-type-textfield wpbdp-field-association-meta "><span style="font-family: helvetica, arial, sans-serif;"><label>Ciudad:</label><span class="value">Rosario</span></span></div>
<div class="wpbdp-field-display wpbdp-field wpbdp-field-value field-display field-value wpbdp-field-tipo_de_tecnica wpbdp-field-meta wpbdp-field-type-multiselect wpbdp-field-association-meta "><span style="font-family: helvetica, arial, sans-serif;"><label>Tipo de Técnica: EMDR &#8211; TIC &#8211; EFT &#8211; CROMO-PSICOTERAPIA &#8211; PET &#8211; AURICULOTERAPIA &#8211; ESCENA FUNDANTE</label></span></div>
<div class="wpbdp-field-display wpbdp-field wpbdp-field-value field-display field-value wpbdp-field-telefono wpbdp-field-meta wpbdp-field-type-textfield wpbdp-field-association-meta "><span style="font-family: helvetica, arial, sans-serif;"><label>Teléfono: 0341-155-108-383</label></span></div>
<div class="wpbdp-field-display wpbdp-field wpbdp-field-value field-display field-value wpbdp-field-especialidad wpbdp-field-meta wpbdp-field-type-textfield wpbdp-field-association-meta "><span style="font-family: helvetica, arial, sans-serif;"><label>Especialidad:</label><span class="value">Adolescentes &#8211; Adultos &#8211; Parejas &#8211; Familia &#8211; Adicciones</span></span></div>
<div></div>
<div><span style="font-family: helvetica, arial, sans-serif;">CV:<br />
</span><span style="font-family: helvetica, arial, sans-serif;">Psicóloga &#8211; UNR. 1983<br />
</span><span style="font-family: helvetica, arial, sans-serif;">Terapeuta Familiar Sistémica CETEFA -1988.<br />
</span><span style="font-family: helvetica, arial, sans-serif;">Docente Cátedra Técnicas Proyectivas de la Personalidad.  Escuela Superior de Psicología Facultad de Humanidades y Artes. UNR. 1978/84<br />
</span><span style="font-family: helvetica, arial, sans-serif;">Psicóloga Gabinete de Terapia familiar del Hosp. Psiquiátrico Dr. Ávila. Psiquiatría de Adultos. UNR.1983/1995<br />
</span><span style="font-family: helvetica, arial, sans-serif;">Practitioner en Programación Neurolingüística. Escuela Argentina de programación Neurolingüística Bs. As. 1993.<br />
</span><span style="font-family: helvetica, arial, sans-serif;">Certificación en Adicciones. Universidad de Miami. EEUU 1996<br />
</span><span style="font-family: helvetica, arial, sans-serif;">Certificación en Terapia Grupal. Universidad de Miami. EEUU 1997<br />
</span><span style="font-family: helvetica, arial, sans-serif;">Directora Asociada de “La Quinta, Medio Camino A Casa” Centro de Recuperación y Rehabilitación de Drogadependientes. Modelo Minnesota. Parque Leloir. Bs. As. 1991/97<br />
</span><span style="font-family: helvetica, arial, sans-serif;">Directora Asociada de “Casa Lourdes”. Hospital de Día. Programa de Recuperación de Drogadependientes. Modelo Minnesota. Rosario 1992/99<br />
</span><span style="font-family: helvetica, arial, sans-serif;">Coordinadora de talleres grupales para Adolescentes. Centro de día Los Puentes Red Psicoterapéutica. Rosario 1997/2010<br />
</span><span style="font-family: helvetica, arial, sans-serif;">Terapeuta de Terapias de Avanzada: (formación completa): </span><span style="font-family: helvetica, arial, sans-serif;">EMDR, TIC (Técnicas de Integración Cerebral) Técnica de los Anteojos Hemisféricos y Técnica de Un ojo por Vez, EFT, Escena Fundante, PET. Cromoterapia, Auriculoterapia.<br />
Reimpronta matricial<br />
</span><span style="font-family: helvetica, arial, sans-serif;">Docente co-cordinadora en la Diplomatura Consejería en Dependencias Químicas, Modelo Minnesota. UAI. Rosario. 2007/9<br />
</span><span style="font-family: helvetica, arial, sans-serif;">Co-cordinadora docente del Instituto de Familia y Pareja del Colegio de Psicólogos de la 2da. Circunscripción de la Prov. De Santa Fe. Actualidad<br />
</span><span style="font-family: helvetica, arial, sans-serif;">Docente de la Carrera de Especialización de Psiquiatría Facultad de Ciencias Médicas de la UNR.2010/actual.</span></div>

<p>País:Argentina Provincia:Santa Fe Ciudad:Rosario Tipo de Técnica: EMDR &#8211; TIC &#8211; EFT &#8211; CROMO-PSICOTERAPIA &#8211; PET &#8211; AURICULOTERAPIA &#8211; ESCENA FUNDANTE Teléfono: 0341-155-108-383 Especialidad:Adolescentes &#8211; Adultos &#8211; Parejas &#8211; Familia &#8211; Adicciones CV: Psicóloga &#8211; UNR. 1983 Terapeuta Familiar Sistémica CETEFA -1988. Docente Cátedra Técnicas Proyectivas de la Personalidad.  Escuela Superior de Psicología Facultad de Humanidades &hellip;</p>
<p class="read-more"> <a class="" href="https://www.terapiasdeavanzada.org/web/products/spinelli-liliana-lic/"> <span class="screen-reader-text">Spinelli, Liliana – Psic.</span> Leer más &raquo;</a></p>
