{"id":381,"date":"2018-05-09T08:52:20","date_gmt":"2018-05-09T11:52:20","guid":{"rendered":"http:\/\/www.terapiasdeavanzada.org\/web\/?page_id=381"},"modified":"2018-08-22T17:30:27","modified_gmt":"2018-08-22T20:30:27","slug":"kinesiologia-emocional-tree","status":"publish","type":"page","link":"https:\/\/www.terapiasdeavanzada.org\/web\/kinesiologia-emocional-tree\/","title":{"rendered":"KINESIOLOGIA EMOCIONAL \u2013 TREE\u00ae"},"content":{"rendered":"<h4><\/h4>\n<h4><span style=\"font-family: helvetica, arial, sans-serif;\"><strong>T\u00e9cnicas de Reprogramaci\u00f3n\u00a0Energ\u00e9tico-Emocional\u00a0<img decoding=\"async\" class=\" size-full wp-image-139 alignleft\" src=\"http:\/\/www.terapiasdeavanzada.org\/wp-content\/uploads\/2015\/05\/logo_tree.jpg\" alt=\"logo final\" \/><\/strong><\/span><br \/>\n<span style=\"font-family: helvetica, arial, sans-serif;\"><strong>Dra. Raquel C. Ferrazzano de Solvey- Sumitra Geraiges \u2013 2000<\/strong><\/span><\/h4>\n<p><span style=\"font-family: helvetica, arial, sans-serif;\"><strong>\u00bfQue es TREE<\/strong><strong>\u00ae<\/strong><strong>?<\/strong><\/span><\/p>\n<figure><span style=\"font-family: helvetica, arial, sans-serif;\">Conjunto de t\u00e9cnicas usadas para la liberaci\u00f3n del estr\u00e9s emocional y f\u00edsico, tomadas de distintos m\u00e9todos de tratamiento, desarrollados en EE UU por m\u00e9dicos psiquiatras y quiropr\u00e1cticos.<\/span><br \/>\n<span style=\"font-family: helvetica, arial, sans-serif;\">En estas t\u00e9cnicas se usa como m\u00e9todo de diagn\u00f3stico el<strong>\u00a0test de respuesta muscular, <\/strong>para\u00a0detectar y disolver los bloqueos que producen las emociones negativas en el flujo de la energ\u00eda vital y sus s\u00edntomas\u00a0\u00a0permitiendo a las personas corregir los patrones negativos, resultantes de experiencias del pasado y alcanzar un mayor grado de libertad de elecci\u00f3n para el presente y el futuro.<\/span><\/figure>\n<figure><img decoding=\"async\" class=\" size-full wp-image-141 alignleft\" src=\"http:\/\/www.terapiasdeavanzada.org\/wp-content\/uploads\/2015\/05\/tree_01.jpg\" alt=\"tree_01\" \/><\/figure>\n<p><span style=\"font-family: helvetica, arial, sans-serif;\">Se pueden tratar alteraciones tanto emocionales como f\u00edsicas, ansiedades, fobias, obsesiones, depresiones, adicciones, alergias, enfermedades f\u00edsicas y trastornos som\u00e1ticos.<\/span><br \/>\n<span style=\"font-family: helvetica, arial, sans-serif;\">Se puede usar solo o en combinaci\u00f3n con cualquier otra t\u00e9cnica terap\u00e9utica, para acelerar sus resultados.<\/span><\/p>\n<p>&nbsp;<\/p>\n<h4><span style=\"font-family: helvetica, arial, sans-serif;\">Programa de l<strong>os entrenamientos <\/strong><\/span><\/h4>\n<h4><span style=\"font-family: helvetica, arial, sans-serif;\"><strong>TREE\u00ae<\/strong>\u00a0se da en tres niveles: B\u00e1sico, Avanzado 1 y Avanzado 2.<\/span><\/h4>\n<ul>\n<li><span style=\"font-family: helvetica, arial, sans-serif;\"><b>Nivel B\u00e1sico : 3 (d\u00edas)<img decoding=\"async\" class=\" size-medium wp-image-142 alignright\" src=\"http:\/\/www.terapiasdeavanzada.org\/wp-content\/uploads\/2015\/05\/tree_02.jpg\" alt=\"tree_02\" \/><\/b><\/span><br \/>\n<span style=\"font-family: helvetica, arial, sans-serif;\">Test de resistencia muscular -TREE, descripci\u00f3n, modelo te\u00f3rico y Neurofisiolog\u00eda \u2013<\/span><br \/>\n<span style=\"font-family: helvetica, arial, sans-serif;\">Preparaci\u00f3n del paciente:\u00a0Pre-test- Sistema de Meridianos \u2013 Meridianos y emociones asociadas- Reversi\u00f3n Psicol\u00f3gica \u2013 Desorganizaci\u00f3n Neurol\u00f3gica \u2013 Correcciones \u2013 Procedimientos de reducci\u00f3n del estr\u00e9s emocional \u2013<\/span><br \/>\n<span style=\"font-family: helvetica, arial, sans-serif;\"><strong>Elementos del Tratamiento:<\/strong>\u00a0Carga emocional negativa y positiva \u2013 Puntos de Alarma \u2013 Puntos de Correcci\u00f3n \u2013 Tratamiento B\u00e1sico de un punto \u2013 Reversiones Ocultas \u2013 Creencias en general \u2013 Paseo al futuro \u2013 Pr\u00e1ctica supervisada.<\/span><\/li>\n<li><span style=\"font-family: helvetica, arial, sans-serif;\"><strong>Nivel Avanzado I : 2(dos)\u00a0<\/strong><b>d\u00edas<\/b><\/span><br \/>\n<span style=\"font-family: helvetica, arial, sans-serif;\">Test muscular \u2013 M\u00fasculo congelado \u2013 Test muscular en las tres posiciones \u2013 O-Ring Test \u2013 Pre-tests \u2013 Desorganizaci\u00f3n Neurol\u00f3gica, correcciones \u2013 Disposici\u00f3n al beneficio \u2013 Modo de retenci\u00f3n \u2013 Cortina de Humo \u2013 Recesi\u00f3n en edad \u2013 Infusi\u00f3n \u2013 T\u00e9cnicas complementarias \u2013 NAEM \u2013 Fijaci\u00f3n de las correcciones \u2013 Cierre de sesi\u00f3n \u2013 Relaci\u00f3n entre meridianos y emociones \u2013 Esquema de tratamiento completo- Pr\u00e1ctica supervisada.<\/span><\/li>\n<li><span style=\"font-family: helvetica, arial, sans-serif;\"><strong>Nivel Avanzado II: 2 (dos) d\u00edas<\/strong><\/span><br \/>\n<span style=\"font-family: helvetica, arial, sans-serif;\">M\u00e1s Herramientas de Trabajo.<\/span><\/li>\n<\/ul>\n","protected":false},"excerpt":{"rendered":"<p>T\u00e9cnicas de Reprogramaci\u00f3n\u00a0Energ\u00e9tico-Emocional\u00a0 Dra. Raquel C. Ferrazzano de Solvey- Sumitra Geraiges \u2013 2000 \u00bfQue es TREE\u00ae? Conjunto de t\u00e9cnicas usadas para la liberaci\u00f3n del estr\u00e9s emocional y f\u00edsico, tomadas de distintos m\u00e9todos de tratamiento, desarrollados en EE UU por m\u00e9dicos psiquiatras y quiropr\u00e1cticos. En estas t\u00e9cnicas se usa como m\u00e9todo de diagn\u00f3stico el\u00a0test de respuesta &hellip;<\/p>\n<p class=\"read-more\"> <a class=\"\" href=\"https:\/\/www.terapiasdeavanzada.org\/web\/kinesiologia-emocional-tree\/\"> <span class=\"screen-reader-text\">KINESIOLOGIA EMOCIONAL \u2013 TREE\u00ae<\/span> Leer m\u00e1s &raquo;<\/a><\/p>\n","protected":false},"author":1,"featured_media":0,"parent":0,"menu_order":0,"comment_status":"closed","ping_status":"closed","template":"","meta":{"site-sidebar-layout":"default","site-content-layout":"default","ast-global-header-display":"","ast-banner-title-visibility":"","ast-main-header-display":"","ast-hfb-above-header-display":"","ast-hfb-below-header-display":"","ast-hfb-mobile-header-display":"","site-post-title":"","ast-breadcrumbs-content":"","ast-featured-img":"","footer-sml-layout":"","theme-transparent-header-meta":"","adv-header-id-meta":"","stick-header-meta":"","header-above-stick-meta":"","header-main-stick-meta":"","header-below-stick-meta":""},"_links":{"self":[{"href":"https:\/\/www.terapiasdeavanzada.org\/web\/wp-json\/wp\/v2\/pages\/381"}],"collection":[{"href":"https:\/\/www.terapiasdeavanzada.org\/web\/wp-json\/wp\/v2\/pages"}],"about":[{"href":"https:\/\/www.terapiasdeavanzada.org\/web\/wp-json\/wp\/v2\/types\/page"}],"author":[{"embeddable":true,"href":"https:\/\/www.terapiasdeavanzada.org\/web\/wp-json\/wp\/v2\/users\/1"}],"replies":[{"embeddable":true,"href":"https:\/\/www.terapiasdeavanzada.org\/web\/wp-json\/wp\/v2\/comments?post=381"}],"version-history":[{"count":5,"href":"https:\/\/www.terapiasdeavanzada.org\/web\/wp-json\/wp\/v2\/pages\/381\/revisions"}],"predecessor-version":[{"id":1071,"href":"https:\/\/www.terapiasdeavanzada.org\/web\/wp-json\/wp\/v2\/pages\/381\/revisions\/1071"}],"wp:attachment":[{"href":"https:\/\/www.terapiasdeavanzada.org\/web\/wp-json\/wp\/v2\/media?parent=381"}],"curies":[{"name":"wp","href":"https:\/\/api.w.org\/{rel}","templated":true}]}}